REPLACE INTO `rvs_category` (`rvs_category_id`, `category_name`, `category_sh_name`) VALUES ('6', 'Restaurant and Bar', 'rb');
REPLACE INTO `rvs_charset` (`charset_id`, `charset_name`, `charset_value`, `xml_lang`) VALUES ('19', 'finnish', 'iso-8859-1', 'fi');
REPLACE INTO `rvs_color` (`color_id`, `color_name`, `color_code`) VALUES ('40', 'Orange', 'FFA500');
REPLACE INTO `rvs_color_group` (`color_group_id`, `color_id`) VALUES ('6', '40');
REPLACE INTO `rvs_color_group_name` (`color_group_id`, `default_color_id`) VALUES ('6', '38');
REPLACE INTO `rvs_component` (`rvs_component_id`, `component_name`, `rvs_owner_usr_id`, `use_wysiwyg`) VALUES ('3f959fb58e3e8f4dad0b005c86487ee1', 'Online_Form', '9a64f5105435b7d420cf8cc397ccbe72', '0');
REPLACE INTO `rvs_component_config` (`rvs_component_id`, `component_config`, `component_value`) VALUES ('3f959fb58e3e8f4dad0b005c86487ee1', 'active', '1');
REPLACE INTO `rvs_component_config` (`rvs_component_id`, `component_config`, `component_value`) VALUES ('3f959fb58e3e8f4dad0b005c86487ee1', 'isResellerConfig', '1');
REPLACE INTO `rvs_font` (`font_id`, `font_name`) VALUES ('12', 'Verdana');
REPLACE INTO `rvs_layout_template` (`layout_template_id`, `layout_template_name`, `layout_template_data`, `layout_template_desc`, `layout_template_preview`, `layout_template_head`, `layout_group_id`) VALUES ('524a5e9b32f85d2e8ce925e4b528ffc1', 'General style 10', '<!-- ####### LAYOUT CSS: MODIFY COLOR, FONT AND BOX SIZE HERE BUT DO NOT DELETE. ####### -->\r\n\r\n<style type=\"text/css\">\r\n\r\n.type10b{ \r\n  font-weight:bold;\r\n   color:#717171;\r\n}\r\n.type10right_ext{background-image:url(images/right_ex_t.gif);}\r\n.type10right_exb{background-image:url(images/right_ex_b.gif);}\r\n.type10right_exl{background-image:url(images/right_ex_l.gif);}\r\n.type10right_exr{background-image:url(images/right_ex_r.gif);}\r\n.type10block_ext{background-image:url(images/block_ex_t.gif);}\r\n.type10block_exb{background-image:url(images/block_ex_b.gif);}\r\n.type10block_exl{background-image:url(images/block_ex_l.gif);}\r\n.type10block_exr{background-image:url(images/block_ex_r.gif);}\r\n\r\n.type10bgblock{\r\n  background-image:url(images/bgblock.gif);\r\n   color:#FFFFFF;\r\n  text-align:left;\r\n}\r\n\r\n.type10right_line{background-image:url(images/right_line.gif);}\r\n.type10rightpad01{\r\n  padding:13px 3px;\r\n   text-align:left;\r\n}\r\n.type10rightpad02{\r\n padding:8px 3px;\r\n    text-align:left;\r\n    color:#717171;\r\n}\r\n.type10bgwhite{\r\n  background-color:#FFFFFF;\r\n}\r\n.type10txtbody{color:#717171;}\r\n</style>\r\n<!-- ########################### END CSS LAYOUT ###########################  -->\r\n<table cellpadding=\"0\" cellspacing=\"0\" class=\"type10bgwhite\">\r\n  <tr>\r\n     <td valign=\"top\">\r\n       <table cellpadding=\"0\" cellspacing=\"0\" width=\"100%\">\r\n            <tr>\r\n              <td width=\"70%\" align=\"left\" valign=\"top\">\r\n                <table cellpadding=\"5\" cellspacing=\"0\" width=\"100%\">\r\n                    <tr>\r\n                        <td align=\"left\" valign=\"top\"><img src=\"images/180x60.gif\" alt=\"\" width=\"180\" height=\"60\" /></td>\r\n                       <td align=\"left\" valign=\"top\" class=\"type10txtbody\">\r\n                            <div class=\"type10b\">Europan lingues</div>\r\n                          <div align=\"left\">Lorem ipsum dolor sit amet, consetetur sadipscing elitr, sed diam nonumy eirmod tempor invidunt ut labore et dolore magna aliquyam erat, sed diam voluptua. </div>\r\n</td>\r\n                   </tr>\r\n               </table>\r\n                <br />\r\n              <table cellpadding=\"5\" cellspacing=\"0\" width=\"100%\">\r\n                    <tr>\r\n                        <td align=\"left\" valign=\"top\" width=\"30%\">\r\n                          <table cellpadding=\"0\" cellspacing=\"0\" width=\"100%\">\r\n                                <tr>\r\n                                    <td align=\"left\" valign=\"top\"><img src=\"images/block01.gif\" alt=\"\" width=\"10\" height=\"10\" /></td>\r\n                                   <td class=\"type10block_ext\" width=\"99%\"><img src=\"images/spacer.gif\" alt=\"\" width=\"1\" height=\"10\" /></td>\r\n                                   <td valign=\"top\" align=\"right\"><img src=\"images/block02.gif\" alt=\"\" width=\"10\" height=\"10\" /></td>\r\n                              </tr>\r\n                               <tr>\r\n                                    <td align=\"left\" valign=\"top\" class=\"type10block_exl\"><img src=\"images/block05.gif\" alt=\"\" width=\"10\" height=\"71\" /></td>\r\n                                   <td valign=\"top\" class=\"type10bgblock\" width=\"99%\">Lorem ipsum dolor sit amet, consetetur sadipscing elitr, sed diam nonumy eirmod tempor invidunt ut labore et dolore magna aliquyam erat, sed diam voluptua. </td>\r\n                                    <td valign=\"top\" align=\"right\" class=\"type10block_exr\"><img src=\"images/block06.gif\" alt=\"\" width=\"10\" height=\"71\" /></td>\r\n                              </tr>\r\n                               <tr>\r\n                                    <td align=\"left\" valign=\"top\"><img src=\"images/block03.gif\" alt=\"\" width=\"10\" height=\"29\" /></td>\r\n                                   <td class=\"type10block_exb\" width=\"99%\"></td>\r\n                                   <td valign=\"top\" align=\"right\"><img src=\"images/block04.gif\" alt=\"\" width=\"10\" height=\"29\" /></td>\r\n                              </tr>\r\n                           </table>\r\n                        </td>\r\n                     <td align=\"left\" valign=\"top\" width=\"30%\">\r\n                            <table cellpadding=\"0\" cellspacing=\"0\" width=\"100%\">\r\n                                <tr>\r\n                                    <td align=\"left\" valign=\"top\"><img src=\"images/block01.gif\" alt=\"\" width=\"10\" height=\"10\" /></td>\r\n                                   <td class=\"type10block_ext\" width=\"99%\"><img src=\"images/spacer.gif\" alt=\"\" width=\"1\" height=\"10\" /></td>\r\n                                   <td valign=\"top\" align=\"right\"><img src=\"images/block02.gif\" alt=\"\" width=\"10\" height=\"10\" /></td>\r\n                              </tr>\r\n                               <tr>\r\n                                    <td align=\"left\" valign=\"top\" class=\"type10block_exl\"><img src=\"images/block05.gif\" alt=\"\" width=\"10\" height=\"71\" /></td>\r\n                                   <td valign=\"top\" class=\"type10bgblock\" width=\"99%\">Lorem ipsum dolor sit amet, consetetur sadipscing elitr, sed diam nonumy eirmod tempor invidunt ut labore et dolore magna aliquyam erat, sed diam voluptua. </td>\r\n                                    <td valign=\"top\" align=\"right\" class=\"type10block_exr\"><img src=\"images/block06.gif\" alt=\"\" width=\"10\" height=\"71\" /></td>\r\n                              </tr>\r\n                               <tr>\r\n                                    <td align=\"left\" valign=\"top\"><img src=\"images/block03.gif\" alt=\"\" width=\"10\" height=\"29\" /></td>\r\n                                   <td class=\"type10block_exb\" width=\"99%\"></td>\r\n                                   <td valign=\"top\" align=\"right\"><img src=\"images/block04.gif\" alt=\"\" width=\"10\" height=\"29\" /></td>\r\n                              </tr>\r\n                           </table>\r\n                        </td>\r\n                       <td align=\"left\" valign=\"top\" width=\"30%\">\r\n                          <table cellpadding=\"0\" cellspacing=\"0\" width=\"100%\">\r\n                                <tr>\r\n                                    <td align=\"left\" valign=\"top\"><img src=\"images/block01.gif\" alt=\"\" width=\"10\" height=\"10\" /></td>\r\n                                   <td class=\"type10block_ext\" width=\"99%\"><img src=\"images/spacer.gif\" alt=\"\" width=\"1\" height=\"10\" /></td>\r\n                                   <td valign=\"top\" align=\"right\"><img src=\"images/block02.gif\" alt=\"\" width=\"10\" height=\"10\" /></td>\r\n                              </tr>\r\n                               <tr>\r\n                                    <td align=\"left\" valign=\"top\" class=\"type10block_exl\"><img src=\"images/block05.gif\" alt=\"\" width=\"10\" height=\"71\" /></td>\r\n                                   <td valign=\"top\" class=\"type10bgblock\" width=\"99%\">Lorem ipsum dolor sit amet, consetetur sadipscing elitr, sed diam nonumy eirmod tempor invidunt ut labore et dolore magna aliquyam erat, sed diam voluptua. </td>\r\n                                    <td valign=\"top\" align=\"right\" class=\"type10block_exr\"><img src=\"images/block06.gif\" alt=\"\" width=\"10\" height=\"71\" /></td>\r\n                              </tr>\r\n                               <tr>\r\n                                    <td align=\"left\" valign=\"top\"><img src=\"images/block03.gif\" alt=\"\" width=\"10\" height=\"29\" /></td>\r\n                                   <td class=\"type10block_exb\" width=\"99%\"></td>\r\n                                   <td valign=\"top\" align=\"right\"><img src=\"images/block04.gif\" alt=\"\" width=\"10\" height=\"29\" /></td>\r\n                              </tr>\r\n                           </table>\r\n                        </td>\r\n                   </tr>\r\n               </table>\r\n                <br />\r\n              <table cellpadding=\"5\" cellspacing=\"0\" width=\"100%\">\r\n                    <tr>\r\n                        <td width=\"30%\" align=\"left\" valign=\"top\">\r\n                          <table cellpadding=\"0\" cellspacing=\"0\" width=\"100%\">\r\n                                <tr>\r\n                                    <td class=\"type10rightpad01\" valign=\"top\"><img src=\"images/bullet.gif\" alt=\"\" width=\"3\" height=\"5\" /></td>\r\n                                  <td class=\"type10rightpad02\">Pro quo hic escorol.Defacto lingo</td>\r\n                             </tr>\r\n                               <tr>\r\n                                    <td class=\"type10rightpad01\" valign=\"top\"><img src=\"images/bullet.gif\" alt=\"\" width=\"3\" height=\"5\" /></td>\r\n                                  <td class=\"type10rightpad02\">Pro quo hic escorol.Defacto lingo</td>\r\n                             </tr>\r\n                               <tr>\r\n                                    <td class=\"type10rightpad01\" valign=\"top\"><img src=\"images/bullet.gif\" alt=\"\" width=\"3\" height=\"5\" /></td>\r\n                                  <td class=\"type10rightpad02\">Pro quo hic escorol.Defacto lingo</td>\r\n                             </tr>\r\n                           </table>\r\n                        </td>\r\n                       <td width=\"30%\" align=\"left\" valign=\"top\">\r\n                          <table cellpadding=\"0\" cellspacing=\"0\" width=\"100%\">\r\n                                <tr>\r\n                                    <td class=\"type10rightpad01\" valign=\"top\"><img src=\"images/bullet.gif\" alt=\"\" width=\"3\" height=\"5\" /></td>\r\n                                  <td class=\"type10rightpad02\">Pro quo hic escorol.Defacto lingo</td>\r\n                             </tr>\r\n                               <tr>\r\n                                    <td class=\"type10rightpad01\" valign=\"top\"><img src=\"images/bullet.gif\" alt=\"\" width=\"3\" height=\"5\" /></td>\r\n                                  <td class=\"type10rightpad02\">Pro quo hic escorol.Defacto lingo</td>\r\n                             </tr>\r\n                               <tr>\r\n                                    <td class=\"type10rightpad01\" valign=\"top\"><img src=\"images/bullet.gif\" alt=\"\" width=\"3\" height=\"5\" /></td>\r\n                                  <td class=\"type10rightpad02\">Pro quo hic escorol.Defacto lingo</td>\r\n                             </tr>\r\n                           </table>\r\n                        </td>\r\n                       <td width=\"30%\" align=\"left\" valign=\"top\">\r\n                      <table cellpadding=\"0\" cellspacing=\"0\" width=\"100%\">\r\n                                <tr>\r\n                                    <td class=\"type10rightpad01\" valign=\"top\"><img src=\"images/bullet.gif\" alt=\"\" width=\"3\" height=\"5\" /></td>\r\n                                  <td class=\"type10rightpad02\">Pro quo hic escorol.Defacto lingo</td>\r\n                             </tr>\r\n                               <tr>\r\n                                    <td class=\"type10rightpad01\" valign=\"top\"><img src=\"images/bullet.gif\" alt=\"\" width=\"3\" height=\"5\" /></td>\r\n                                  <td class=\"type10rightpad02\">Pro quo hic escorol.Defacto lingo</td>\r\n                             </tr>\r\n                               <tr>\r\n                                    <td class=\"type10rightpad01\" valign=\"top\"><img src=\"images/bullet.gif\" alt=\"\" width=\"3\" height=\"5\" /></td>\r\n                                  <td class=\"type10rightpad02\">Pro quo hic escorol.Defacto lingo</td>\r\n                             </tr>\r\n                         </table>\r\n                      </td>\r\n                   </tr>\r\n               </table>\r\n              </td>\r\n             <td width=\"30%\" align=\"left\" valign=\"top\">\r\n                  <table cellpadding=\"0\" cellspacing=\"0\" width=\"100%\">\r\n                        <tr>\r\n                            <td align=\"left\" valign=\"top\"><img src=\"images/rightcorner01.gif\" alt=\"\" width=\"15\" height=\"17\" /></td>\r\n                         <td class=\"type10right_ext\" width=\"99%\"></td>\r\n                           <td align=\"right\" valign=\"top\"><img src=\"images/rightcorner02.gif\" alt=\"\" width=\"16\" height=\"17\" /></td>\r\n                        </tr>\r\n                       <tr>\r\n                            <td class=\"type10right_exl\" ></td>\r\n                          <td align=\"left\" valign=\"top\">\r\n                              <table cellpadding=\"0\" cellspacing=\"0\" width=\"100%\" class=\"type10bgwhite\">\r\n                                  <tr>\r\n                                        <td align=\"left\" valign=\"top\" colspan=\"2\">\r\n                                      <div class=\"type10b\">Europan lingues</div></td>\r\n                                 </tr>\r\n                                   <tr>\r\n                                        <td class=\"type10rightpad01\" valign=\"top\"><img src=\"images/right_bullet.gif\" alt=\"\" width=\"5\" height=\"5\" /></td>\r\n                                        <td class=\"type10rightpad02\">Pro quo hic escorol.Defacto lingo</td>\r\n                                 </tr>\r\n                                   <tr><td class=\"type10right_line\" colspan=\"2\"><img src=\"images/spacer.gif\" alt=\"\" width=\"1\" height=\"2\" /></td></tr>  \r\n                                                                        <tr>\r\n                                        <td class=\"type10rightpad01\" valign=\"top\"><img src=\"images/right_bullet.gif\" alt=\"\" width=\"5\" height=\"5\" /></td>\r\n                                        <td class=\"type10rightpad02\">Pro quo hic escorol.Defacto lingo</td>\r\n                                 </tr>\r\n                                   <tr><td class=\"type10right_line\" colspan=\"2\"><img src=\"images/spacer.gif\" alt=\"\" width=\"1\" height=\"2\" /></td></tr>\r\n                                                                      <tr>\r\n                                        <td class=\"type10rightpad01\" valign=\"top\"><img src=\"images/right_bullet.gif\" alt=\"\" width=\"5\" height=\"5\" /></td>\r\n                                        <td class=\"type10rightpad02\">Pro quo hic escorol.Defacto lingo</td>\r\n                                 </tr>\r\n                                   <tr><td class=\"type10right_line\" colspan=\"2\"><img src=\"images/spacer.gif\" alt=\"\" width=\"1\" height=\"2\" /></td></tr>\r\n                                                                      <tr>\r\n                                        <td class=\"type10rightpad01\" valign=\"top\"><img src=\"images/right_bullet.gif\" alt=\"\" width=\"5\" height=\"5\" /></td>\r\n                                        <td class=\"type10rightpad02\">Pro quo hic escorol.Defacto lingo</td>\r\n                                 </tr>\r\n                                   <tr><td class=\"type10right_line\" colspan=\"2\"><img src=\"images/spacer.gif\" alt=\"\" width=\"1\" height=\"2\" /></td></tr>\r\n                                                                      <tr>\r\n                                        <td class=\"type10rightpad01\" valign=\"top\"><img src=\"images/right_bullet.gif\" alt=\"\" width=\"5\" height=\"5\" /></td>\r\n                                        <td class=\"type10rightpad02\">Pro quo hic escorol.Defacto lingo</td>\r\n                                 </tr>\r\n                                   <tr><td class=\"type10right_line\" colspan=\"2\"><img src=\"images/spacer.gif\" alt=\"\" width=\"1\" height=\"2\" /></td></tr>\r\n                              </table>\r\n                            </td>\r\n                           <td class=\"type10right_exr\" align=\"right\"></td>\r\n                     </tr>\r\n                       <tr>\r\n                            <td align=\"left\" valign=\"top\"><img src=\"images/rightcorner03.gif\" alt=\"\" width=\"15\" height=\"17\" /></td>\r\n                         <td class=\"type10right_exb\" width=\"99%\"></td>\r\n                           <td align=\"right\" valign=\"top\"><img src=\"images/rightcorner04.gif\" alt=\"\" width=\"16\" height=\"17\" /></td>\r\n                        </tr>\r\n                   </table>\r\n                </td>\r\n           </tr>\r\n       </table>        \r\n    </td>\r\n  </tr>\r\n</table>', '', 'b_layout10.jpg', '', '3');
REPLACE INTO `rvs_layout_group` (`layout_group_id`, `layout_group_name`, `layout_category_id`) VALUES ('3', 'general style', '1');
REPLACE INTO `rvs_navigator_name` (`navigator_name_id`, `navigator_name`) VALUES ('16', 'v_classic_bar');
REPLACE INTO `rvs_navigator` (`navigator_id`, `menustyle_id`, `navigator_name_id`) VALUES ('122', '1', '12');
REPLACE INTO `forms` (`id`, `username`, `title`, `height`, `status`) VALUES ('d89bbaf06943ee4cf46353fd778a5a29', '8dbc5c2ea7bc18f80ac508296dcf5510', 'Toimeksianto', '1253', 'undefined');
REPLACE INTO `questions` (`form_id`, `id`, `order`, `type`) VALUES ('d89bbaf06943ee4cf46353fd778a5a29', '21', '16', 'control_textbox');
REPLACE INTO `questions` (`form_id`, `id`, `order`, `type`) VALUES ('d89bbaf06943ee4cf46353fd778a5a29', '8', '20', 'control_button');
REPLACE INTO `questions` (`form_id`, `id`, `order`, `type`) VALUES ('d89bbaf06943ee4cf46353fd778a5a29', '7', '19', 'control_textarea');
REPLACE INTO `questions` (`form_id`, `id`, `order`, `type`) VALUES ('d89bbaf06943ee4cf46353fd778a5a29', '12', '7', 'control_textbox');
REPLACE INTO `questions` (`form_id`, `id`, `order`, `type`) VALUES ('d89bbaf06943ee4cf46353fd778a5a29', '2', '5', 'control_textbox');
REPLACE INTO `questions` (`form_id`, `id`, `order`, `type`) VALUES ('d89bbaf06943ee4cf46353fd778a5a29', '0', '3', 'control_textbox');
REPLACE INTO `questions` (`form_id`, `id`, `order`, `type`) VALUES ('d89bbaf06943ee4cf46353fd778a5a29', '1', '4', 'control_textbox');
REPLACE INTO `questions` (`form_id`, `id`, `order`, `type`) VALUES ('d89bbaf06943ee4cf46353fd778a5a29', '30', '9', 'control_checkbox');
REPLACE INTO `questions` (`form_id`, `id`, `order`, `type`) VALUES ('d89bbaf06943ee4cf46353fd778a5a29', '18', '2', 'control_textbox');
REPLACE INTO `questions` (`form_id`, `id`, `order`, `type`) VALUES ('d89bbaf06943ee4cf46353fd778a5a29', '17', '8', 'control_checkbox');
REPLACE INTO `questions` (`form_id`, `id`, `order`, `type`) VALUES ('d89bbaf06943ee4cf46353fd778a5a29', '15', '10', 'control_checkbox');
REPLACE INTO `questions` (`form_id`, `id`, `order`, `type`) VALUES ('d89bbaf06943ee4cf46353fd778a5a29', '16', '15', 'control_radio');
REPLACE INTO `questions` (`form_id`, `id`, `order`, `type`) VALUES ('d89bbaf06943ee4cf46353fd778a5a29', '14', '17', 'control_textbox');
REPLACE INTO `questions` (`form_id`, `id`, `order`, `type`) VALUES ('d89bbaf06943ee4cf46353fd778a5a29', '20', '1', 'control_text');
REPLACE INTO `questions` (`form_id`, `id`, `order`, `type`) VALUES ('d89bbaf06943ee4cf46353fd778a5a29', '26', '14', 'control_textbox');
REPLACE INTO `questions` (`form_id`, `id`, `order`, `type`) VALUES ('d89bbaf06943ee4cf46353fd778a5a29', '24', '13', 'control_checkbox');
REPLACE INTO `questions` (`form_id`, `id`, `order`, `type`) VALUES ('d89bbaf06943ee4cf46353fd778a5a29', '25', '12', 'control_textbox');
REPLACE INTO `questions` (`form_id`, `id`, `order`, `type`) VALUES ('d89bbaf06943ee4cf46353fd778a5a29', '23', '11', 'control_checkbox');
REPLACE INTO `questions` (`form_id`, `id`, `order`, `type`) VALUES ('d89bbaf06943ee4cf46353fd778a5a29', '27', '6', 'control_textbox');
REPLACE INTO `questions` (`form_id`, `id`, `order`, `type`) VALUES ('d89bbaf06943ee4cf46353fd778a5a29', '28', '18', 'control_textbox');
REPLACE INTO `question_properties` (`form_id`, `question_id`, `prop`, `value`) VALUES ('d89bbaf06943ee4cf46353fd778a5a29', '0', 'desc', '');
REPLACE INTO `question_properties` (`form_id`, `question_id`, `prop`, `value`) VALUES ('d89bbaf06943ee4cf46353fd778a5a29', '0', 'maxsize', '100');
REPLACE INTO `question_properties` (`form_id`, `question_id`, `prop`, `value`) VALUES ('d89bbaf06943ee4cf46353fd778a5a29', '0', 'required', 'no');
REPLACE INTO `question_properties` (`form_id`, `question_id`, `prop`, `value`) VALUES ('d89bbaf06943ee4cf46353fd778a5a29', '0', 'senderemail', 'no');
REPLACE INTO `question_properties` (`form_id`, `question_id`, `prop`, `value`) VALUES ('d89bbaf06943ee4cf46353fd778a5a29', '0', 'size', '20');
REPLACE INTO `question_properties` (`form_id`, `question_id`, `prop`, `value`) VALUES ('d89bbaf06943ee4cf46353fd778a5a29', '0', 'text', 'Etunimi');
REPLACE INTO `question_properties` (`form_id`, `question_id`, `prop`, `value`) VALUES ('d89bbaf06943ee4cf46353fd778a5a29', '0', 'validation', 'no');
REPLACE INTO `question_properties` (`form_id`, `question_id`, `prop`, `value`) VALUES ('d89bbaf06943ee4cf46353fd778a5a29', '1', 'desc', '');
REPLACE INTO `question_properties` (`form_id`, `question_id`, `prop`, `value`) VALUES ('d89bbaf06943ee4cf46353fd778a5a29', '1', 'maxsize', '100');
REPLACE INTO `question_properties` (`form_id`, `question_id`, `prop`, `value`) VALUES ('d89bbaf06943ee4cf46353fd778a5a29', '1', 'required', 'no');
REPLACE INTO `question_properties` (`form_id`, `question_id`, `prop`, `value`) VALUES ('d89bbaf06943ee4cf46353fd778a5a29', '1', 'senderemail', 'no');
REPLACE INTO `question_properties` (`form_id`, `question_id`, `prop`, `value`) VALUES ('d89bbaf06943ee4cf46353fd778a5a29', '1', 'size', '20');
REPLACE INTO `question_properties` (`form_id`, `question_id`, `prop`, `value`) VALUES ('d89bbaf06943ee4cf46353fd778a5a29', '1', 'text', 'Sukunimi');
REPLACE INTO `question_properties` (`form_id`, `question_id`, `prop`, `value`) VALUES ('d89bbaf06943ee4cf46353fd778a5a29', '1', 'validation', 'no');
REPLACE INTO `question_properties` (`form_id`, `question_id`, `prop`, `value`) VALUES ('d89bbaf06943ee4cf46353fd778a5a29', '2', 'desc', '');
REPLACE INTO `question_properties` (`form_id`, `question_id`, `prop`, `value`) VALUES ('d89bbaf06943ee4cf46353fd778a5a29', '2', 'maxsize', '100');
REPLACE INTO `question_properties` (`form_id`, `question_id`, `prop`, `value`) VALUES ('d89bbaf06943ee4cf46353fd778a5a29', '2', 'required', 'no');
REPLACE INTO `question_properties` (`form_id`, `question_id`, `prop`, `value`) VALUES ('d89bbaf06943ee4cf46353fd778a5a29', '2', 'senderemail', 'no');
REPLACE INTO `question_properties` (`form_id`, `question_id`, `prop`, `value`) VALUES ('d89bbaf06943ee4cf46353fd778a5a29', '2', 'size', '20');
REPLACE INTO `question_properties` (`form_id`, `question_id`, `prop`, `value`) VALUES ('d89bbaf06943ee4cf46353fd778a5a29', '2', 'text', 'Sähköpostiosoite');
REPLACE INTO `question_properties` (`form_id`, `question_id`, `prop`, `value`) VALUES ('d89bbaf06943ee4cf46353fd778a5a29', '2', 'validation', 'no');
REPLACE INTO `question_properties` (`form_id`, `question_id`, `prop`, `value`) VALUES ('d89bbaf06943ee4cf46353fd778a5a29', '7', 'cols', '35');
REPLACE INTO `question_properties` (`form_id`, `question_id`, `prop`, `value`) VALUES ('d89bbaf06943ee4cf46353fd778a5a29', '7', 'desc', '');
REPLACE INTO `question_properties` (`form_id`, `question_id`, `prop`, `value`) VALUES ('d89bbaf06943ee4cf46353fd778a5a29', '7', 'required', 'no');
REPLACE INTO `question_properties` (`form_id`, `question_id`, `prop`, `value`) VALUES ('d89bbaf06943ee4cf46353fd778a5a29', '7', 'rows', '10');
REPLACE INTO `question_properties` (`form_id`, `question_id`, `prop`, `value`) VALUES ('d89bbaf06943ee4cf46353fd778a5a29', '7', 'text', 'Lisätietoja (esim. tilaisuuden luonne, erikoistoiveet ym.)');
REPLACE INTO `question_properties` (`form_id`, `question_id`, `prop`, `value`) VALUES ('d89bbaf06943ee4cf46353fd778a5a29', '7', 'validation', 'no');
REPLACE INTO `question_properties` (`form_id`, `question_id`, `prop`, `value`) VALUES ('d89bbaf06943ee4cf46353fd778a5a29', '8', 'clear', 'no');
REPLACE INTO `question_properties` (`form_id`, `question_id`, `prop`, `value`) VALUES ('d89bbaf06943ee4cf46353fd778a5a29', '8', 'resettext', 'clear');
REPLACE INTO `question_properties` (`form_id`, `question_id`, `prop`, `value`) VALUES ('d89bbaf06943ee4cf46353fd778a5a29', '8', 'submittext', 'Lähetä lomake');
REPLACE INTO `question_properties` (`form_id`, `question_id`, `prop`, `value`) VALUES ('d89bbaf06943ee4cf46353fd778a5a29', '8', 'text', '');
REPLACE INTO `question_properties` (`form_id`, `question_id`, `prop`, `value`) VALUES ('d89bbaf06943ee4cf46353fd778a5a29', '12', 'desc', '');
REPLACE INTO `question_properties` (`form_id`, `question_id`, `prop`, `value`) VALUES ('d89bbaf06943ee4cf46353fd778a5a29', '12', 'maxsize', '100');
REPLACE INTO `question_properties` (`form_id`, `question_id`, `prop`, `value`) VALUES ('d89bbaf06943ee4cf46353fd778a5a29', '12', 'required', 'no');
REPLACE INTO `question_properties` (`form_id`, `question_id`, `prop`, `value`) VALUES ('d89bbaf06943ee4cf46353fd778a5a29', '12', 'senderemail', 'no');
REPLACE INTO `question_properties` (`form_id`, `question_id`, `prop`, `value`) VALUES ('d89bbaf06943ee4cf46353fd778a5a29', '12', 'size', '20');
REPLACE INTO `question_properties` (`form_id`, `question_id`, `prop`, `value`) VALUES ('d89bbaf06943ee4cf46353fd778a5a29', '12', 'text', 'Puhelinnumero');
REPLACE INTO `question_properties` (`form_id`, `question_id`, `prop`, `value`) VALUES ('d89bbaf06943ee4cf46353fd778a5a29', '12', 'validation', 'no');
REPLACE INTO `question_properties` (`form_id`, `question_id`, `prop`, `value`) VALUES ('d89bbaf06943ee4cf46353fd778a5a29', '14', 'desc', '');
REPLACE INTO `question_properties` (`form_id`, `question_id`, `prop`, `value`) VALUES ('d89bbaf06943ee4cf46353fd778a5a29', '14', 'maxsize', '100');
REPLACE INTO `question_properties` (`form_id`, `question_id`, `prop`, `value`) VALUES ('d89bbaf06943ee4cf46353fd778a5a29', '14', 'required', 'no');
REPLACE INTO `question_properties` (`form_id`, `question_id`, `prop`, `value`) VALUES ('d89bbaf06943ee4cf46353fd778a5a29', '14', 'senderemail', 'no');
REPLACE INTO `question_properties` (`form_id`, `question_id`, `prop`, `value`) VALUES ('d89bbaf06943ee4cf46353fd778a5a29', '14', 'size', '20');
REPLACE INTO `question_properties` (`form_id`, `question_id`, `prop`, `value`) VALUES ('d89bbaf06943ee4cf46353fd778a5a29', '14', 'text', 'Budjetti (euroa)');
REPLACE INTO `question_properties` (`form_id`, `question_id`, `prop`, `value`) VALUES ('d89bbaf06943ee4cf46353fd778a5a29', '14', 'validation', 'no');
REPLACE INTO `question_properties` (`form_id`, `question_id`, `prop`, `value`) VALUES ('d89bbaf06943ee4cf46353fd778a5a29', '15', 'checked', 'no');
REPLACE INTO `question_properties` (`form_id`, `question_id`, `prop`, `value`) VALUES ('d89bbaf06943ee4cf46353fd778a5a29', '15', 'desc', '');
REPLACE INTO `question_properties` (`form_id`, `question_id`, `prop`, `value`) VALUES ('d89bbaf06943ee4cf46353fd778a5a29', '15', 'options', 'Äänentoisto laitteille (esim. omalle musiikille)<br>Mikrofonille<br>Kutsukorteille');
REPLACE INTO `question_properties` (`form_id`, `question_id`, `prop`, `value`) VALUES ('d89bbaf06943ee4cf46353fd778a5a29', '15', 'required', 'no');
REPLACE INTO `question_properties` (`form_id`, `question_id`, `prop`, `value`) VALUES ('d89bbaf06943ee4cf46353fd778a5a29', '15', 'text', 'Tarvetta on myös');
REPLACE INTO `question_properties` (`form_id`, `question_id`, `prop`, `value`) VALUES ('d89bbaf06943ee4cf46353fd778a5a29', '16', 'checked', 'no');
REPLACE INTO `question_properties` (`form_id`, `question_id`, `prop`, `value`) VALUES ('d89bbaf06943ee4cf46353fd778a5a29', '16', 'desc', '');
REPLACE INTO `question_properties` (`form_id`, `question_id`, `prop`, `value`) VALUES ('d89bbaf06943ee4cf46353fd778a5a29', '16', 'options', 'Sallittu<br>Ei väliä');
REPLACE INTO `question_properties` (`form_id`, `question_id`, `prop`, `value`) VALUES ('d89bbaf06943ee4cf46353fd778a5a29', '16', 'required', 'no');
REPLACE INTO `question_properties` (`form_id`, `question_id`, `prop`, `value`) VALUES ('d89bbaf06943ee4cf46353fd778a5a29', '16', 'text', 'Juhlatilassa omat juomat sallittu');
REPLACE INTO `question_properties` (`form_id`, `question_id`, `prop`, `value`) VALUES ('d89bbaf06943ee4cf46353fd778a5a29', '17', 'checked', 'no');
REPLACE INTO `question_properties` (`form_id`, `question_id`, `prop`, `value`) VALUES ('d89bbaf06943ee4cf46353fd778a5a29', '17', 'desc', '');
REPLACE INTO `question_properties` (`form_id`, `question_id`, `prop`, `value`) VALUES ('d89bbaf06943ee4cf46353fd778a5a29', '17', 'options', 'Juhlatilan<br>Ruoka tarjoilun<br>Juoma tarjoilun<br>Bändin<br>Muuta ohjelmaa<br>Juontajan');
REPLACE INTO `question_properties` (`form_id`, `question_id`, `prop`, `value`) VALUES ('d89bbaf06943ee4cf46353fd778a5a29', '17', 'required', 'no');
REPLACE INTO `question_properties` (`form_id`, `question_id`, `prop`, `value`) VALUES ('d89bbaf06943ee4cf46353fd778a5a29', '17', 'text', 'Tarvitsemme');
REPLACE INTO `question_properties` (`form_id`, `question_id`, `prop`, `value`) VALUES ('d89bbaf06943ee4cf46353fd778a5a29', '18', 'desc', '');
REPLACE INTO `question_properties` (`form_id`, `question_id`, `prop`, `value`) VALUES ('d89bbaf06943ee4cf46353fd778a5a29', '18', 'maxsize', '100');
REPLACE INTO `question_properties` (`form_id`, `question_id`, `prop`, `value`) VALUES ('d89bbaf06943ee4cf46353fd778a5a29', '18', 'required', 'no');
REPLACE INTO `question_properties` (`form_id`, `question_id`, `prop`, `value`) VALUES ('d89bbaf06943ee4cf46353fd778a5a29', '18', 'senderemail', 'no');
REPLACE INTO `question_properties` (`form_id`, `question_id`, `prop`, `value`) VALUES ('d89bbaf06943ee4cf46353fd778a5a29', '18', 'size', '20');
REPLACE INTO `question_properties` (`form_id`, `question_id`, `prop`, `value`) VALUES ('d89bbaf06943ee4cf46353fd778a5a29', '18', 'text', 'Yrityksen nimi');
REPLACE INTO `question_properties` (`form_id`, `question_id`, `prop`, `value`) VALUES ('d89bbaf06943ee4cf46353fd778a5a29', '18', 'validation', 'no');
REPLACE INTO `question_properties` (`form_id`, `question_id`, `prop`, `value`) VALUES ('d89bbaf06943ee4cf46353fd778a5a29', '20', 'text', 'Halutessanne voitte tehdä toimeksiannon tämän lomakkeen kautta. Voitte myös halutessanne laittaa sähköpostia suoraan osoitteeseen juhlapalvelu.saihke(at)gmail.com tai soittaa numeroon 045-8914101. Soittaessanne, jätättehän viestin yhteystietoinenne vastaajaan mikäli olemme varattuina työn touhussa.');
REPLACE INTO `question_properties` (`form_id`, `question_id`, `prop`, `value`) VALUES ('d89bbaf06943ee4cf46353fd778a5a29', '21', 'desc', '');
REPLACE INTO `question_properties` (`form_id`, `question_id`, `prop`, `value`) VALUES ('d89bbaf06943ee4cf46353fd778a5a29', '21', 'maxsize', '100');
REPLACE INTO `question_properties` (`form_id`, `question_id`, `prop`, `value`) VALUES ('d89bbaf06943ee4cf46353fd778a5a29', '21', 'required', 'no');
REPLACE INTO `question_properties` (`form_id`, `question_id`, `prop`, `value`) VALUES ('d89bbaf06943ee4cf46353fd778a5a29', '21', 'senderemail', 'no');
REPLACE INTO `question_properties` (`form_id`, `question_id`, `prop`, `value`) VALUES ('d89bbaf06943ee4cf46353fd778a5a29', '21', 'size', '20');
REPLACE INTO `question_properties` (`form_id`, `question_id`, `prop`, `value`) VALUES ('d89bbaf06943ee4cf46353fd778a5a29', '21', 'text', 'Juhliin osallistujien henkilömäärä');
REPLACE INTO `question_properties` (`form_id`, `question_id`, `prop`, `value`) VALUES ('d89bbaf06943ee4cf46353fd778a5a29', '21', 'validation', 'no');
REPLACE INTO `question_properties` (`form_id`, `question_id`, `prop`, `value`) VALUES ('d89bbaf06943ee4cf46353fd778a5a29', '23', 'checked', 'no');
REPLACE INTO `question_properties` (`form_id`, `question_id`, `prop`, `value`) VALUES ('d89bbaf06943ee4cf46353fd778a5a29', '23', 'desc', '');
REPLACE INTO `question_properties` (`form_id`, `question_id`, `prop`, `value`) VALUES ('d89bbaf06943ee4cf46353fd778a5a29', '23', 'options', 'Tarvitsemme (Täytä myös alle henkilömäärä)');
REPLACE INTO `question_properties` (`form_id`, `question_id`, `prop`, `value`) VALUES ('d89bbaf06943ee4cf46353fd778a5a29', '23', 'required', 'no');
REPLACE INTO `question_properties` (`form_id`, `question_id`, `prop`, `value`) VALUES ('d89bbaf06943ee4cf46353fd778a5a29', '23', 'text', 'Kuljetuksen juhlapaikalle');
REPLACE INTO `question_properties` (`form_id`, `question_id`, `prop`, `value`) VALUES ('d89bbaf06943ee4cf46353fd778a5a29', '24', 'checked', 'no');
REPLACE INTO `question_properties` (`form_id`, `question_id`, `prop`, `value`) VALUES ('d89bbaf06943ee4cf46353fd778a5a29', '24', 'desc', '');
REPLACE INTO `question_properties` (`form_id`, `question_id`, `prop`, `value`) VALUES ('d89bbaf06943ee4cf46353fd778a5a29', '24', 'options', 'Tarvitsemme (Täytä myös alle henkilömäärä)');
REPLACE INTO `question_properties` (`form_id`, `question_id`, `prop`, `value`) VALUES ('d89bbaf06943ee4cf46353fd778a5a29', '24', 'required', 'no');
REPLACE INTO `question_properties` (`form_id`, `question_id`, `prop`, `value`) VALUES ('d89bbaf06943ee4cf46353fd778a5a29', '24', 'text', 'Kuljetuksen juhlapaikalta');
REPLACE INTO `question_properties` (`form_id`, `question_id`, `prop`, `value`) VALUES ('d89bbaf06943ee4cf46353fd778a5a29', '25', 'desc', '');
REPLACE INTO `question_properties` (`form_id`, `question_id`, `prop`, `value`) VALUES ('d89bbaf06943ee4cf46353fd778a5a29', '25', 'maxsize', '100');
REPLACE INTO `question_properties` (`form_id`, `question_id`, `prop`, `value`) VALUES ('d89bbaf06943ee4cf46353fd778a5a29', '25', 'required', 'no');
REPLACE INTO `question_properties` (`form_id`, `question_id`, `prop`, `value`) VALUES ('d89bbaf06943ee4cf46353fd778a5a29', '25', 'senderemail', 'no');
REPLACE INTO `question_properties` (`form_id`, `question_id`, `prop`, `value`) VALUES ('d89bbaf06943ee4cf46353fd778a5a29', '25', 'size', '20');
REPLACE INTO `question_properties` (`form_id`, `question_id`, `prop`, `value`) VALUES ('d89bbaf06943ee4cf46353fd778a5a29', '25', 'text', 'Henkilölle');
REPLACE INTO `question_properties` (`form_id`, `question_id`, `prop`, `value`) VALUES ('d89bbaf06943ee4cf46353fd778a5a29', '25', 'validation', 'no');
REPLACE INTO `question_properties` (`form_id`, `question_id`, `prop`, `value`) VALUES ('d89bbaf06943ee4cf46353fd778a5a29', '26', 'desc', '');
REPLACE INTO `question_properties` (`form_id`, `question_id`, `prop`, `value`) VALUES ('d89bbaf06943ee4cf46353fd778a5a29', '26', 'maxsize', '100');
REPLACE INTO `question_properties` (`form_id`, `question_id`, `prop`, `value`) VALUES ('d89bbaf06943ee4cf46353fd778a5a29', '26', 'required', 'no');
REPLACE INTO `question_properties` (`form_id`, `question_id`, `prop`, `value`) VALUES ('d89bbaf06943ee4cf46353fd778a5a29', '26', 'senderemail', 'no');
REPLACE INTO `question_properties` (`form_id`, `question_id`, `prop`, `value`) VALUES ('d89bbaf06943ee4cf46353fd778a5a29', '26', 'size', '20');
REPLACE INTO `question_properties` (`form_id`, `question_id`, `prop`, `value`) VALUES ('d89bbaf06943ee4cf46353fd778a5a29', '26', 'text', 'Henkilölle');
REPLACE INTO `question_properties` (`form_id`, `question_id`, `prop`, `value`) VALUES ('d89bbaf06943ee4cf46353fd778a5a29', '26', 'validation', 'no');
REPLACE INTO `question_properties` (`form_id`, `question_id`, `prop`, `value`) VALUES ('d89bbaf06943ee4cf46353fd778a5a29', '27', 'desc', '');
REPLACE INTO `question_properties` (`form_id`, `question_id`, `prop`, `value`) VALUES ('d89bbaf06943ee4cf46353fd778a5a29', '27', 'maxsize', '100');
REPLACE INTO `question_properties` (`form_id`, `question_id`, `prop`, `value`) VALUES ('d89bbaf06943ee4cf46353fd778a5a29', '27', 'required', 'no');
REPLACE INTO `question_properties` (`form_id`, `question_id`, `prop`, `value`) VALUES ('d89bbaf06943ee4cf46353fd778a5a29', '27', 'senderemail', 'no');
REPLACE INTO `question_properties` (`form_id`, `question_id`, `prop`, `value`) VALUES ('d89bbaf06943ee4cf46353fd778a5a29', '27', 'size', '20');
REPLACE INTO `question_properties` (`form_id`, `question_id`, `prop`, `value`) VALUES ('d89bbaf06943ee4cf46353fd778a5a29', '27', 'text', 'Tilaisuuden ajankohta (pvm &amp; kesto)');
REPLACE INTO `question_properties` (`form_id`, `question_id`, `prop`, `value`) VALUES ('d89bbaf06943ee4cf46353fd778a5a29', '27', 'validation', 'no');
REPLACE INTO `question_properties` (`form_id`, `question_id`, `prop`, `value`) VALUES ('d89bbaf06943ee4cf46353fd778a5a29', '28', 'desc', '');
REPLACE INTO `question_properties` (`form_id`, `question_id`, `prop`, `value`) VALUES ('d89bbaf06943ee4cf46353fd778a5a29', '28', 'maxsize', '100');
REPLACE INTO `question_properties` (`form_id`, `question_id`, `prop`, `value`) VALUES ('d89bbaf06943ee4cf46353fd778a5a29', '28', 'required', 'no');
REPLACE INTO `question_properties` (`form_id`, `question_id`, `prop`, `value`) VALUES ('d89bbaf06943ee4cf46353fd778a5a29', '28', 'senderemail', 'no');
REPLACE INTO `question_properties` (`form_id`, `question_id`, `prop`, `value`) VALUES ('d89bbaf06943ee4cf46353fd778a5a29', '28', 'size', '20');
REPLACE INTO `question_properties` (`form_id`, `question_id`, `prop`, `value`) VALUES ('d89bbaf06943ee4cf46353fd778a5a29', '28', 'text', 'Haluan, että minuun otetaan yhtettä (pvm &amp; klo aika)');
REPLACE INTO `question_properties` (`form_id`, `question_id`, `prop`, `value`) VALUES ('d89bbaf06943ee4cf46353fd778a5a29', '28', 'validation', 'no');
REPLACE INTO `question_properties` (`form_id`, `question_id`, `prop`, `value`) VALUES ('d89bbaf06943ee4cf46353fd778a5a29', '30', 'checked', 'no');
REPLACE INTO `question_properties` (`form_id`, `question_id`, `prop`, `value`) VALUES ('d89bbaf06943ee4cf46353fd778a5a29', '30', 'desc', '');
REPLACE INTO `question_properties` (`form_id`, `question_id`, `prop`, `value`) VALUES ('d89bbaf06943ee4cf46353fd778a5a29', '30', 'options', 'Kesäteema<br>Rantateema<br>Syksyteema<br>Kevätteema<br>Talviteema<br>Jouluteema<br>Muu (Kerro tarkemmin lisätietoa kohdassa)');
REPLACE INTO `question_properties` (`form_id`, `question_id`, `prop`, `value`) VALUES ('d89bbaf06943ee4cf46353fd778a5a29', '30', 'required', 'no');
REPLACE INTO `question_properties` (`form_id`, `question_id`, `prop`, `value`) VALUES ('d89bbaf06943ee4cf46353fd778a5a29', '30', 'text', 'Juhlapaikankoristeet');
REPLACE INTO `question_properties` (`form_id`, `question_id`, `prop`, `value`) VALUES ('d89bbaf06943ee4cf46353fd778a5a29', '999', 'alignment', 'default');
REPLACE INTO `question_properties` (`form_id`, `question_id`, `prop`, `value`) VALUES ('d89bbaf06943ee4cf46353fd778a5a29', '999', 'background', 'white');
REPLACE INTO `question_properties` (`form_id`, `question_id`, `prop`, `value`) VALUES ('d89bbaf06943ee4cf46353fd778a5a29', '999', 'conf_body', 'Thanks for submitting our form, we will get back to you as soon as possible.');
REPLACE INTO `question_properties` (`form_id`, `question_id`, `prop`, `value`) VALUES ('d89bbaf06943ee4cf46353fd778a5a29', '999', 'conf_send', 'no');
REPLACE INTO `question_properties` (`form_id`, `question_id`, `prop`, `value`) VALUES ('d89bbaf06943ee4cf46353fd778a5a29', '999', 'conf_subj', 'Toimeksianto sivujen kautta');
REPLACE INTO `question_properties` (`form_id`, `question_id`, `prop`, `value`) VALUES ('d89bbaf06943ee4cf46353fd778a5a29', '999', 'disabled', 'Enabled');
REPLACE INTO `question_properties` (`form_id`, `question_id`, `prop`, `value`) VALUES ('d89bbaf06943ee4cf46353fd778a5a29', '999', 'email', 'yes');
REPLACE INTO `question_properties` (`form_id`, `question_id`, `prop`, `value`) VALUES ('d89bbaf06943ee4cf46353fd778a5a29', '999', 'email_addr', 'toimeksianto@xn--sihke-gra.fi');
REPLACE INTO `question_properties` (`form_id`, `question_id`, `prop`, `value`) VALUES ('d89bbaf06943ee4cf46353fd778a5a29', '999', 'ext_sendpostdata', 'no');
REPLACE INTO `question_properties` (`form_id`, `question_id`, `prop`, `value`) VALUES ('d89bbaf06943ee4cf46353fd778a5a29', '999', 'font', 'Verdana');
REPLACE INTO `question_properties` (`form_id`, `question_id`, `prop`, `value`) VALUES ('d89bbaf06943ee4cf46353fd778a5a29', '999', 'fontcolor', '#4a4a4a');
REPLACE INTO `question_properties` (`form_id`, `question_id`, `prop`, `value`) VALUES ('d89bbaf06943ee4cf46353fd778a5a29', '999', 'fontsize', '12');
REPLACE INTO `question_properties` (`form_id`, `question_id`, `prop`, `value`) VALUES ('d89bbaf06943ee4cf46353fd778a5a29', '999', 'not_subj', 'New Submission: {qForm Title}');
REPLACE INTO `question_properties` (`form_id`, `question_id`, `prop`, `value`) VALUES ('d89bbaf06943ee4cf46353fd778a5a29', '999', 'rvcolor', 'JF053.ini.php');
REPLACE INTO `question_properties` (`form_id`, `question_id`, `prop`, `value`) VALUES ('d89bbaf06943ee4cf46353fd778a5a29', '999', 'rvtheme', 'rvJotformThemeStyle3');
REPLACE INTO `question_properties` (`form_id`, `question_id`, `prop`, `value`) VALUES ('d89bbaf06943ee4cf46353fd778a5a29', '999', 'sendpostdata', 'yes');
REPLACE INTO `question_properties` (`form_id`, `question_id`, `prop`, `value`) VALUES ('d89bbaf06943ee4cf46353fd778a5a29', '999', 'spamcheck', 'Enabled');
REPLACE INTO `question_properties` (`form_id`, `question_id`, `prop`, `value`) VALUES ('d89bbaf06943ee4cf46353fd778a5a29', '999', 'thanktext', '<div>Kiitos yhteydenotostanne. Otamme teihin yhteyttä mahdollisimman pian.</div>');
REPLACE INTO `question_properties` (`form_id`, `question_id`, `prop`, `value`) VALUES ('d89bbaf06943ee4cf46353fd778a5a29', '999', 'theme', 'Default');
REPLACE INTO `question_properties` (`form_id`, `question_id`, `prop`, `value`) VALUES ('d89bbaf06943ee4cf46353fd778a5a29', '999', 'use_buildin_formmail', 'yes');
REPLACE INTO `question_utf8` (`form_id`, `utf8format`) VALUES ('d89bbaf06943ee4cf46353fd778a5a29', '1');
REPLACE INTO `forms` (`id`, `username`, `title`, `height`, `status`) VALUES ('f81199deca71cf6c8f2462e63de3cc76', '8dbc5c2ea7bc18f80ac508296dcf5510', 'yhteydenotto', '640', 'undefined');
REPLACE INTO `questions` (`form_id`, `id`, `order`, `type`) VALUES ('f81199deca71cf6c8f2462e63de3cc76', '12', '5', 'control_textbox');
REPLACE INTO `questions` (`form_id`, `id`, `order`, `type`) VALUES ('f81199deca71cf6c8f2462e63de3cc76', '8', '7', 'control_button');
REPLACE INTO `questions` (`form_id`, `id`, `order`, `type`) VALUES ('f81199deca71cf6c8f2462e63de3cc76', '7', '6', 'control_textarea');
REPLACE INTO `questions` (`form_id`, `id`, `order`, `type`) VALUES ('f81199deca71cf6c8f2462e63de3cc76', '0', '2', 'control_textbox');
REPLACE INTO `questions` (`form_id`, `id`, `order`, `type`) VALUES ('f81199deca71cf6c8f2462e63de3cc76', '1', '3', 'control_textbox');
REPLACE INTO `questions` (`form_id`, `id`, `order`, `type`) VALUES ('f81199deca71cf6c8f2462e63de3cc76', '2', '4', 'control_textbox');
REPLACE INTO `questions` (`form_id`, `id`, `order`, `type`) VALUES ('f81199deca71cf6c8f2462e63de3cc76', '13', '1', 'control_text');
REPLACE INTO `question_properties` (`form_id`, `question_id`, `prop`, `value`) VALUES ('f81199deca71cf6c8f2462e63de3cc76', '0', 'desc', '');
REPLACE INTO `question_properties` (`form_id`, `question_id`, `prop`, `value`) VALUES ('f81199deca71cf6c8f2462e63de3cc76', '0', 'maxsize', '100');
REPLACE INTO `question_properties` (`form_id`, `question_id`, `prop`, `value`) VALUES ('f81199deca71cf6c8f2462e63de3cc76', '0', 'required', 'no');
REPLACE INTO `question_properties` (`form_id`, `question_id`, `prop`, `value`) VALUES ('f81199deca71cf6c8f2462e63de3cc76', '0', 'senderemail', 'no');
REPLACE INTO `question_properties` (`form_id`, `question_id`, `prop`, `value`) VALUES ('f81199deca71cf6c8f2462e63de3cc76', '0', 'size', '20');
REPLACE INTO `question_properties` (`form_id`, `question_id`, `prop`, `value`) VALUES ('f81199deca71cf6c8f2462e63de3cc76', '0', 'text', 'Etunimi');
REPLACE INTO `question_properties` (`form_id`, `question_id`, `prop`, `value`) VALUES ('f81199deca71cf6c8f2462e63de3cc76', '0', 'validation', 'no');
REPLACE INTO `question_properties` (`form_id`, `question_id`, `prop`, `value`) VALUES ('f81199deca71cf6c8f2462e63de3cc76', '1', 'desc', '');
REPLACE INTO `question_properties` (`form_id`, `question_id`, `prop`, `value`) VALUES ('f81199deca71cf6c8f2462e63de3cc76', '1', 'maxsize', '100');
REPLACE INTO `question_properties` (`form_id`, `question_id`, `prop`, `value`) VALUES ('f81199deca71cf6c8f2462e63de3cc76', '1', 'required', 'no');
REPLACE INTO `question_properties` (`form_id`, `question_id`, `prop`, `value`) VALUES ('f81199deca71cf6c8f2462e63de3cc76', '1', 'senderemail', 'no');
REPLACE INTO `question_properties` (`form_id`, `question_id`, `prop`, `value`) VALUES ('f81199deca71cf6c8f2462e63de3cc76', '1', 'size', '20');
REPLACE INTO `question_properties` (`form_id`, `question_id`, `prop`, `value`) VALUES ('f81199deca71cf6c8f2462e63de3cc76', '1', 'text', 'Sukunimi');
REPLACE INTO `question_properties` (`form_id`, `question_id`, `prop`, `value`) VALUES ('f81199deca71cf6c8f2462e63de3cc76', '1', 'validation', 'no');
REPLACE INTO `question_properties` (`form_id`, `question_id`, `prop`, `value`) VALUES ('f81199deca71cf6c8f2462e63de3cc76', '2', 'desc', '');
REPLACE INTO `question_properties` (`form_id`, `question_id`, `prop`, `value`) VALUES ('f81199deca71cf6c8f2462e63de3cc76', '2', 'maxsize', '100');
REPLACE INTO `question_properties` (`form_id`, `question_id`, `prop`, `value`) VALUES ('f81199deca71cf6c8f2462e63de3cc76', '2', 'required', 'no');
REPLACE INTO `question_properties` (`form_id`, `question_id`, `prop`, `value`) VALUES ('f81199deca71cf6c8f2462e63de3cc76', '2', 'senderemail', 'no');
REPLACE INTO `question_properties` (`form_id`, `question_id`, `prop`, `value`) VALUES ('f81199deca71cf6c8f2462e63de3cc76', '2', 'size', '20');
REPLACE INTO `question_properties` (`form_id`, `question_id`, `prop`, `value`) VALUES ('f81199deca71cf6c8f2462e63de3cc76', '2', 'text', 'Sähköpostiosoite');
REPLACE INTO `question_properties` (`form_id`, `question_id`, `prop`, `value`) VALUES ('f81199deca71cf6c8f2462e63de3cc76', '2', 'validation', 'no');
REPLACE INTO `question_properties` (`form_id`, `question_id`, `prop`, `value`) VALUES ('f81199deca71cf6c8f2462e63de3cc76', '7', 'cols', '35');
REPLACE INTO `question_properties` (`form_id`, `question_id`, `prop`, `value`) VALUES ('f81199deca71cf6c8f2462e63de3cc76', '7', 'desc', '');
REPLACE INTO `question_properties` (`form_id`, `question_id`, `prop`, `value`) VALUES ('f81199deca71cf6c8f2462e63de3cc76', '7', 'required', 'no');
REPLACE INTO `question_properties` (`form_id`, `question_id`, `prop`, `value`) VALUES ('f81199deca71cf6c8f2462e63de3cc76', '7', 'rows', '10');
REPLACE INTO `question_properties` (`form_id`, `question_id`, `prop`, `value`) VALUES ('f81199deca71cf6c8f2462e63de3cc76', '7', 'text', 'Viestinne');
REPLACE INTO `question_properties` (`form_id`, `question_id`, `prop`, `value`) VALUES ('f81199deca71cf6c8f2462e63de3cc76', '7', 'validation', 'no');
REPLACE INTO `question_properties` (`form_id`, `question_id`, `prop`, `value`) VALUES ('f81199deca71cf6c8f2462e63de3cc76', '8', 'clear', 'no');
REPLACE INTO `question_properties` (`form_id`, `question_id`, `prop`, `value`) VALUES ('f81199deca71cf6c8f2462e63de3cc76', '8', 'resettext', 'clear');
REPLACE INTO `question_properties` (`form_id`, `question_id`, `prop`, `value`) VALUES ('f81199deca71cf6c8f2462e63de3cc76', '8', 'submittext', 'Lähetä');
REPLACE INTO `question_properties` (`form_id`, `question_id`, `prop`, `value`) VALUES ('f81199deca71cf6c8f2462e63de3cc76', '8', 'text', '');
REPLACE INTO `question_properties` (`form_id`, `question_id`, `prop`, `value`) VALUES ('f81199deca71cf6c8f2462e63de3cc76', '12', 'desc', '');
REPLACE INTO `question_properties` (`form_id`, `question_id`, `prop`, `value`) VALUES ('f81199deca71cf6c8f2462e63de3cc76', '12', 'maxsize', '100');
REPLACE INTO `question_properties` (`form_id`, `question_id`, `prop`, `value`) VALUES ('f81199deca71cf6c8f2462e63de3cc76', '12', 'required', 'no');
REPLACE INTO `question_properties` (`form_id`, `question_id`, `prop`, `value`) VALUES ('f81199deca71cf6c8f2462e63de3cc76', '12', 'senderemail', 'no');
REPLACE INTO `question_properties` (`form_id`, `question_id`, `prop`, `value`) VALUES ('f81199deca71cf6c8f2462e63de3cc76', '12', 'size', '20');
REPLACE INTO `question_properties` (`form_id`, `question_id`, `prop`, `value`) VALUES ('f81199deca71cf6c8f2462e63de3cc76', '12', 'text', 'Puhelinnumero');
REPLACE INTO `question_properties` (`form_id`, `question_id`, `prop`, `value`) VALUES ('f81199deca71cf6c8f2462e63de3cc76', '12', 'validation', 'no');
REPLACE INTO `question_properties` (`form_id`, `question_id`, `prop`, `value`) VALUES ('f81199deca71cf6c8f2462e63de3cc76', '13', 'text', 'Jos haluatte tilata palvelun täyttäkää suoraan toimeksianto lomake. Jos asianne koskee muuta niin käyttäkää siihen alla olevaa lomaketta.');
REPLACE INTO `question_properties` (`form_id`, `question_id`, `prop`, `value`) VALUES ('f81199deca71cf6c8f2462e63de3cc76', '999', 'alignment', 'default');
REPLACE INTO `question_properties` (`form_id`, `question_id`, `prop`, `value`) VALUES ('f81199deca71cf6c8f2462e63de3cc76', '999', 'background', 'white');
REPLACE INTO `question_properties` (`form_id`, `question_id`, `prop`, `value`) VALUES ('f81199deca71cf6c8f2462e63de3cc76', '999', 'conf_body', 'Thanks for submitting our form, we will get back to you as soon as possible.');
REPLACE INTO `question_properties` (`form_id`, `question_id`, `prop`, `value`) VALUES ('f81199deca71cf6c8f2462e63de3cc76', '999', 'conf_send', 'no');
REPLACE INTO `question_properties` (`form_id`, `question_id`, `prop`, `value`) VALUES ('f81199deca71cf6c8f2462e63de3cc76', '999', 'conf_subj', 'Yhteydenotto sivujen kautta');
REPLACE INTO `question_properties` (`form_id`, `question_id`, `prop`, `value`) VALUES ('f81199deca71cf6c8f2462e63de3cc76', '999', 'disabled', 'Enabled');
REPLACE INTO `question_properties` (`form_id`, `question_id`, `prop`, `value`) VALUES ('f81199deca71cf6c8f2462e63de3cc76', '999', 'email', 'yes');
REPLACE INTO `question_properties` (`form_id`, `question_id`, `prop`, `value`) VALUES ('f81199deca71cf6c8f2462e63de3cc76', '999', 'email_addr', 'yhteydenotto@xn--sihke-gra.fi');
REPLACE INTO `question_properties` (`form_id`, `question_id`, `prop`, `value`) VALUES ('f81199deca71cf6c8f2462e63de3cc76', '999', 'ext_sendpostdata', 'no');
REPLACE INTO `question_properties` (`form_id`, `question_id`, `prop`, `value`) VALUES ('f81199deca71cf6c8f2462e63de3cc76', '999', 'font', 'Verdana');
REPLACE INTO `question_properties` (`form_id`, `question_id`, `prop`, `value`) VALUES ('f81199deca71cf6c8f2462e63de3cc76', '999', 'fontcolor', '#4a4a4a');
REPLACE INTO `question_properties` (`form_id`, `question_id`, `prop`, `value`) VALUES ('f81199deca71cf6c8f2462e63de3cc76', '999', 'fontsize', '12');
REPLACE INTO `question_properties` (`form_id`, `question_id`, `prop`, `value`) VALUES ('f81199deca71cf6c8f2462e63de3cc76', '999', 'not_subj', 'New Submission: {qForm Title}');
REPLACE INTO `question_properties` (`form_id`, `question_id`, `prop`, `value`) VALUES ('f81199deca71cf6c8f2462e63de3cc76', '999', 'rvcolor', 'JF032.ini.php');
REPLACE INTO `question_properties` (`form_id`, `question_id`, `prop`, `value`) VALUES ('f81199deca71cf6c8f2462e63de3cc76', '999', 'rvtheme', 'rvJotformThemeStyle2');
REPLACE INTO `question_properties` (`form_id`, `question_id`, `prop`, `value`) VALUES ('f81199deca71cf6c8f2462e63de3cc76', '999', 'sendpostdata', 'yes');
REPLACE INTO `question_properties` (`form_id`, `question_id`, `prop`, `value`) VALUES ('f81199deca71cf6c8f2462e63de3cc76', '999', 'spamcheck', 'Enabled');
REPLACE INTO `question_properties` (`form_id`, `question_id`, `prop`, `value`) VALUES ('f81199deca71cf6c8f2462e63de3cc76', '999', 'thanktext', 'Kiitos yhteydenotostanne. Otamme teihin yhteyttä mahdollisimman pian.');
REPLACE INTO `question_properties` (`form_id`, `question_id`, `prop`, `value`) VALUES ('f81199deca71cf6c8f2462e63de3cc76', '999', 'theme', 'Default');
REPLACE INTO `question_properties` (`form_id`, `question_id`, `prop`, `value`) VALUES ('f81199deca71cf6c8f2462e63de3cc76', '999', 'use_buildin_formmail', 'yes');
REPLACE INTO `question_utf8` (`form_id`, `utf8format`) VALUES ('f81199deca71cf6c8f2462e63de3cc76', '1');
REPLACE INTO `rvs_project_page_out_seggestion` (`project_page_id`, `out_suggestion_id`) VALUES ('54ea9bd27755294e2f746e7772ee23a4', '5');
REPLACE INTO `rvs_project_page_out_seggestion` (`project_page_id`, `out_suggestion_id`) VALUES ('b4ed49caf3d71d8311a917dbff04e16a', '4');
REPLACE INTO `rvs_out_suggestion` (`out_suggestion_id`, `out_suggestion_name`, `description_keylang`) VALUES ('5', 'Services', 'our suggestion Services description');
REPLACE INTO `rvs_out_suggestion` (`out_suggestion_id`, `out_suggestion_name`, `description_keylang`) VALUES ('4', 'Products', 'our suggestion Products description');
REPLACE INTO `rvs_picture` (`picture_id`, `picture_name`) VALUES ('23c8dcde23d4b8d69c2986c6989c969f', 'cake');
REPLACE INTO `rvs_project` (`project_id`, `project_info_id`, `rvs_usr_id`, `project_name`, `project_directory`, `utf8format`) VALUES ('8dbc5c2ea7bc18f80ac508296dcf5510', '984a3a229418f8a82675f5d95a2b1d0c', '779ffe2f26bc85fd7537b0a2ed40a8d6', 'juhlapalvelu1', '', '1');
REPLACE INTO `rvs_project_info` (`project_info_id`, `template_item_id`, `font_id`, `navigator_id`, `rvs_category_id`, `charset_id`, `project_company`, `project_slogan`, `project_logo`, `project_title`, `project_keyword`, `project_description`, `project_domain`, `check_step`, `effect_site_enter`, `duration_site_enter`, `last_update`, `layout_template_id`, `i_pathway`, `i_mail`, `i_print`, `i_favorite`, `no_slogan`, `no_company_name`, `navigator_name_id`) VALUES ('984a3a229418f8a82675f5d95a2b1d0c', '467054bd7631e93fb0f9451f1198d29d', '12', 'da91e1ca64fddb12f99a467e69568182', '6', '19', '<div><font face=\"Verdana\">Juhlapalvelu Säihke</font></div>', '<div><font face=\"Verdana\">Säkenöidään yhdessä<br>\r\n</font></div>', 'NOPIC', 'Juhlapalvelu Säihke', '', '', 'xn--sihke-gra.fi', '4', NULL, NULL, '1349977707', '524a5e9b32f85d2e8ce925e4b528ffc1', '1', '0', '0', '0', '0', '0', '16');
REPLACE INTO `rvs_project_layout_page` (`project_id`, `project_page_id`, `parent_project_page_id`, `priority`) VALUES ('8dbc5c2ea7bc18f80ac508296dcf5510', 'edf549338e352c799a167e5aa96dc295', '0', '3');
REPLACE INTO `rvs_project_layout_page` (`project_id`, `project_page_id`, `parent_project_page_id`, `priority`) VALUES ('8dbc5c2ea7bc18f80ac508296dcf5510', '57f1e5fcbe0e28a92666e0eadb812f4c', '0', '4');
REPLACE INTO `rvs_project_layout_page` (`project_id`, `project_page_id`, `parent_project_page_id`, `priority`) VALUES ('8dbc5c2ea7bc18f80ac508296dcf5510', '1662652188c8f72adb28571c4c768df5', '0', '1');
REPLACE INTO `rvs_project_layout_page` (`project_id`, `project_page_id`, `parent_project_page_id`, `priority`) VALUES ('8dbc5c2ea7bc18f80ac508296dcf5510', '0697c63865cb9b49ae1e4f7e837184b5', '0', '8');
REPLACE INTO `rvs_project_layout_page` (`project_id`, `project_page_id`, `parent_project_page_id`, `priority`) VALUES ('8dbc5c2ea7bc18f80ac508296dcf5510', 'ad09c0c6e44c3007ecfbc08622366fe2', '0', '7');
REPLACE INTO `rvs_project_layout_page` (`project_id`, `project_page_id`, `parent_project_page_id`, `priority`) VALUES ('8dbc5c2ea7bc18f80ac508296dcf5510', '582abfca0c3f083a60cd9fffedfb435c', '0', '9');
REPLACE INTO `rvs_project_layout_page` (`project_id`, `project_page_id`, `parent_project_page_id`, `priority`) VALUES ('8dbc5c2ea7bc18f80ac508296dcf5510', '95774bad79a5b1d1eacb9771421ca956', '0', '11');
REPLACE INTO `rvs_project_layout_page` (`project_id`, `project_page_id`, `parent_project_page_id`, `priority`) VALUES ('8dbc5c2ea7bc18f80ac508296dcf5510', '8a94fe42228f06515c666e9a1e8d3f2b', '0', '2');
REPLACE INTO `rvs_project_layout_page` (`project_id`, `project_page_id`, `parent_project_page_id`, `priority`) VALUES ('8dbc5c2ea7bc18f80ac508296dcf5510', '54ea9bd27755294e2f746e7772ee23a4', '0', '6');
REPLACE INTO `rvs_project_layout_page` (`project_id`, `project_page_id`, `parent_project_page_id`, `priority`) VALUES ('8dbc5c2ea7bc18f80ac508296dcf5510', 'b4ed49caf3d71d8311a917dbff04e16a', '0', '5');
REPLACE INTO `rvs_project_layout_page` (`project_id`, `project_page_id`, `parent_project_page_id`, `priority`) VALUES ('8dbc5c2ea7bc18f80ac508296dcf5510', 'a23b4f5ca2736400321359463de64666', '0', '10');
REPLACE INTO `rvs_project_layout_page` (`project_id`, `project_page_id`, `parent_project_page_id`, `priority`) VALUES ('8dbc5c2ea7bc18f80ac508296dcf5510', '0cd4787074d798c8d00426644cb1bbf9', 'a23b4f5ca2736400321359463de64666', '1');
REPLACE INTO `rvs_project_layout_page` (`project_id`, `project_page_id`, `parent_project_page_id`, `priority`) VALUES ('8dbc5c2ea7bc18f80ac508296dcf5510', '905a8ae2e1ec10381daee8d121bf80e6', 'a23b4f5ca2736400321359463de64666', '2');
REPLACE INTO `rvs_project_layout_page` (`project_id`, `project_page_id`, `parent_project_page_id`, `priority`) VALUES ('8dbc5c2ea7bc18f80ac508296dcf5510', '3310422af97f7e5fe1df1f6195884177', 'a23b4f5ca2736400321359463de64666', '3');
REPLACE INTO `rvs_project_page` (`project_page_id`, `rvs_usr_id`, `page_name`, `custom_page_name`, `rvs_component_id`, `page_data`, `page_data_zone_2`, `page_data_zone_3`, `page_data_zone_4`, `colume_width_1`, `colume_width_2`, `colume_width_3`, `rvs_layout_id`, `head`, `page_title`, `meta_keyword`, `meta_description`, `effect_page_enter`, `duration_page_enter`, `meta_page_effect`, `rvs_link_id`, `target`, `form_template_id`, `i_pathway`, `i_mail`, `i_print`, `i_favorite`, `last_modifier`, `link_active`, `page_type`) VALUES ('edf549338e352c799a167e5aa96dc295', '779ffe2f26bc85fd7537b0a2ed40a8d6', 'Palvelut yrityksille', '', '0', '<table style=\"width: 713px; height: 108px\" class=\"rvFrame\" cellpadding=\"1\" cellspacing=\"1\">	\n<tbody>\n<tr>\n<td class=\"tdSolid\" align=\"center\" valign=\"top\" width=\"100%\">\n<ul>\n<li>Asiakastilaisuudet</li>\n<li>Kesäjuhlat</li>\n<li>Kokoukset</li>\n<li>Koulutuspäivät</li>\n<li>Pikkujoulut</li>\n<li>Toiminta-iltapäivät</li>\n<li>Virkistyspäivät<br />\n</li>\n<li>Yritys messut</li></ul></td></tr>	</tbody></table>', '<div align=\"center\"><img alt=\"\" title=\"\" src=\"/cpsess3015216522/3rdparty/rvsitebuilder/project/8dbc5c2ea7bc18f80ac508296dcf5510/images/sivu_kuvat_muut/tarjoilu_pieni.jpg\" border=\"2\" height=\"148\" width=\"325\" /><br />\n</div>', '<div align=\"center\">&nbsp;</div>', '<div align=\"center\">\n<div align=\"left\"><img alt=\"\" title=\"\" src=\"/cpsess3015216522/3rdparty/rvsitebuilder/project/8dbc5c2ea7bc18f80ac508296dcf5510/images/sivu_kuvat_muut/juhlasali_pieni.jpg\" border=\"2\" height=\"148\" width=\"199\" /><br />\n</div>&nbsp;</div>', '60', '8', '32', '9', '', '', '', '', NULL, NULL, '', '', '', '', NULL, NULL, NULL, NULL, '1349978477', NULL, '');
REPLACE INTO `rvs_project_page` (`project_page_id`, `rvs_usr_id`, `page_name`, `custom_page_name`, `rvs_component_id`, `page_data`, `page_data_zone_2`, `page_data_zone_3`, `page_data_zone_4`, `colume_width_1`, `colume_width_2`, `colume_width_3`, `rvs_layout_id`, `head`, `page_title`, `meta_keyword`, `meta_description`, `effect_page_enter`, `duration_page_enter`, `meta_page_effect`, `rvs_link_id`, `target`, `form_template_id`, `i_pathway`, `i_mail`, `i_print`, `i_favorite`, `last_modifier`, `link_active`, `page_type`) VALUES ('57f1e5fcbe0e28a92666e0eadb812f4c', '779ffe2f26bc85fd7537b0a2ed40a8d6', 'Palvelut yksityisille', '', '0', '<img style=\"width: 20px; height: 85px\" alt=\"\" title=\"\" src=\"/3rdparty/rvsitebuilder/project/8dbc5c2ea7bc18f80ac508296dcf5510/images/sivu_kuvat_muut/spacer.jpg\" /><br />\n<ul>\n<li>Kesäpippalot</li>\n<li>Merkkipäivät</li>\n<li>Pikkujoulut</li>\n<li>Polttarit</li>\n<li>Muut &nbsp;</li></ul>\n<div>\n<div>&nbsp;</div></div>\n<div><em><br />\n&quot;PIENI TAI SUURI JUHLA, ME HOIDAMME&quot;</em>\n<div><br />\n&nbsp;</div></div>', '<div>\n<div>&nbsp;</div></div>\n<div align=\"center\"><img alt=\"\" title=\"\" src=\"/cpsess7045184864/3rdparty/rvsitebuilder/project/8dbc5c2ea7bc18f80ac508296dcf5510/images/sivu_kuvat_muut/keskikoko_lasit1.jpg\" width=\"400\" height=\"300\" /><br />\n</div>', NULL, NULL, '43', '57', NULL, '2', '', '', '', '', NULL, NULL, '', '', '', '', NULL, NULL, NULL, NULL, '1315421702', NULL, '');
REPLACE INTO `rvs_project_page` (`project_page_id`, `rvs_usr_id`, `page_name`, `custom_page_name`, `rvs_component_id`, `page_data`, `page_data_zone_2`, `page_data_zone_3`, `page_data_zone_4`, `colume_width_1`, `colume_width_2`, `colume_width_3`, `rvs_layout_id`, `head`, `page_title`, `meta_keyword`, `meta_description`, `effect_page_enter`, `duration_page_enter`, `meta_page_effect`, `rvs_link_id`, `target`, `form_template_id`, `i_pathway`, `i_mail`, `i_print`, `i_favorite`, `last_modifier`, `link_active`, `page_type`) VALUES ('1662652188c8f72adb28571c4c768df5', '779ffe2f26bc85fd7537b0a2ed40a8d6', 'Koti', '', '0', '<br />\n<div>&nbsp;</div>\n<div><img alt=\"\" title=\"\" src=\"/cpsess7986883420/3rdparty/rvsitebuilder/project/8dbc5c2ea7bc18f80ac508296dcf5510/images/sivu_kuvat_muut/spacer.jpg\" height=\"50\" width=\"50\" />&nbsp;</div>\n<div>&nbsp;</div>\n<div>&nbsp;</div>', '<strong>Tervetuloa Juhlapalvelu Säihkeen sivuille:</strong>\n<div align=\"center\"> </div>\n<div align=\"left\">\n<div>&nbsp;</div>\n<div align=\"left\">\n<div align=\"left\">\n<div align=\"left\">Kuulostaako tutulta:<br />\nMuutamia viikkoja aikaa pikkujouluihin. Järjestelyt ovat unohtuneet.</div>\n<div align=\"left\">Apua 60 henkeä! Mistä löytää tila ja tarjoilut? <br />\nEntä hauska ohjelma, ehkä bändi tai muu musiikki. <br />\nHaluat kuitenkin henkilökunnalle tasokkaat ja tyylillä hoidetut juhlat.</div>\n<div align=\"left\"><br />\n- Ei hätää me autamme. Ammattitaidolla hoidamme tilaisuuden järjestelyt. </div>\n<div align=\"left\">Olipa kyseessä muutaman hengen tiimi tai suurempi tilaisuus. </div></div><br />\n<hr style=\"width: 400px; height: 2px\" align=\"left\" />&nbsp;</div></div>\n<div align=\"left\">Kesäjuhlat suunnitteilla...</div>\n<div align=\"left\">\n<div align=\"left\">Esimies tulee luoksesi: &quot;Sinä kun viime vuonnakin hoidit kesäjuhlat<br />\nniin hyvin, järjestäisitkö ne tänäkin vuonna?&quot; Et osaa / Uskalla sanoa ei.<br />\nOlet kuitenkin niin kiireinen, että olet jo aivan uupunut nykyisestä<br />\ntyökuormastasi. Et tiedä miten hoitaisit tämänkin ylimääräisen työn?</div></div>\n<div align=\"left\">\n<div align=\"left\">&nbsp;</div></div>\n<div align=\"center\">\n<div align=\"left\">- Kerro budjettisi, me järjestämme tilaisuuden puolestasi. Kaikki alusta loppuun.</div></div>\n<div>\n<div>&nbsp;</div>\n<div>\n<hr style=\"width: 400px; height: 2px\" align=\"left\" />&nbsp;</div>\n<div>Oletko järjestämässä polttareita? Onko ideat hukassa? Aika kortilla?</div></div>\n<div></div>\n<div>&nbsp;</div>\n<div>- Ei hätää me autamme. Hoidamme tilaisuuden järjestelyt </div>\n<div>tyylillä ja ammattitaidolla.</div>\n<div>&nbsp;</div>\n<div>\n<hr style=\"width: 400px; height: 2px\" align=\"left\" />&nbsp;</div>\n<div align=\"center\">\n<div align=\"left\"></div>\n<div align=\"center\">\n<div align=\"center\">\n<div align=\"center\">\n<div align=\"left\">\nJuhlat kaveriporukalla</div>\n<div align=\"left\">Etkö ole nähnyt aikoihin ystäviäsi? Kaikilla on omat työkiireensä / perhekuvionsa.<br />\nOlette ehkä jo miettineet, että olisi kiva kokoontua yhteen pitkästä aikaa.<br />\nKellään ei kuitenkaan riitä energiaa järjestelyihin ja ideointiin. </div>\n<div align=\"left\">Sovitaan päivä ja budjetti, niin me hoidamme loput.</div>\n<div align=\"left\">&nbsp;</div>\n<div align=\"left\">\n<hr style=\"width: 400px; height: 2px\" align=\"left\" />\n<div>\n<div>-Ota yhteyttä.</div>\n<div>&nbsp;</div></div>\n<div>\n<div><img alt=\"\" title=\"\" src=\"/3rdparty/rvsitebuilder/project/8dbc5c2ea7bc18f80ac508296dcf5510/images/sivu_kuvat_muut/kayntikortti_kukkis_2.jpg\" height=\"153\" width=\"341\" /></div></div><br />\n</div></div></div></div></div>\n<div align=\"left\"><br />\n<div align=\"left\">\n<div align=\"left\"><br />\n&nbsp;</div></div></div>', NULL, NULL, '9', '91', NULL, '2', '', '', '', '', NULL, NULL, '', '', '', '', NULL, NULL, NULL, NULL, '1332619821', NULL, '');
REPLACE INTO `rvs_project_page` (`project_page_id`, `rvs_usr_id`, `page_name`, `custom_page_name`, `rvs_component_id`, `page_data`, `page_data_zone_2`, `page_data_zone_3`, `page_data_zone_4`, `colume_width_1`, `colume_width_2`, `colume_width_3`, `rvs_layout_id`, `head`, `page_title`, `meta_keyword`, `meta_description`, `effect_page_enter`, `duration_page_enter`, `meta_page_effect`, `rvs_link_id`, `target`, `form_template_id`, `i_pathway`, `i_mail`, `i_print`, `i_favorite`, `last_modifier`, `link_active`, `page_type`) VALUES ('0697c63865cb9b49ae1e4f7e837184b5', '779ffe2f26bc85fd7537b0a2ed40a8d6', 'Toimeksianto', '', '3f959fb58e3e8f4dad0b005c86487ee1', '<img alt=\"\" class=\"jotForm\" id=\"DragAndDropForm_d89bbaf06943ee4cf46353fd778a5a29\" name=\"DragAndDropForm_d89bbaf06943ee4cf46353fd778a5a29\" src=\"//cpanel3.int2000.net:2083/cpsess8999509531/3rdparty/rvsitebuilder/themes/default/sitebuilder/images/spacer.gif\" frmid=\"d89bbaf06943ee4cf46353fd778a5a29\" formtype=\"jotform\" height=\"600\" width=\"600\" align=\"center\" border=\"1\" /><br/>', NULL, NULL, NULL, NULL, NULL, NULL, '0', '', '', '', '', NULL, NULL, '', '', '', '', NULL, NULL, NULL, NULL, NULL, NULL, '');
REPLACE INTO `rvs_project_page` (`project_page_id`, `rvs_usr_id`, `page_name`, `custom_page_name`, `rvs_component_id`, `page_data`, `page_data_zone_2`, `page_data_zone_3`, `page_data_zone_4`, `colume_width_1`, `colume_width_2`, `colume_width_3`, `rvs_layout_id`, `head`, `page_title`, `meta_keyword`, `meta_description`, `effect_page_enter`, `duration_page_enter`, `meta_page_effect`, `rvs_link_id`, `target`, `form_template_id`, `i_pathway`, `i_mail`, `i_print`, `i_favorite`, `last_modifier`, `link_active`, `page_type`) VALUES ('ad09c0c6e44c3007ecfbc08622366fe2', '779ffe2f26bc85fd7537b0a2ed40a8d6', 'Ota yhteyttä', '', '3f959fb58e3e8f4dad0b005c86487ee1', '<img alt=\"\" class=\"jotForm\" id=\"DragAndDropForm_f81199deca71cf6c8f2462e63de3cc76\" name=\"DragAndDropForm_f81199deca71cf6c8f2462e63de3cc76\" src=\"//cpanel3.int2000.net:2083/cpsess8999509531/3rdparty/rvsitebuilder/themes/default/sitebuilder/images/spacer.gif\" frmid=\"f81199deca71cf6c8f2462e63de3cc76\" formtype=\"jotform\" height=\"600\" width=\"600\" align=\"center\" border=\"1\" /><br/>', NULL, NULL, NULL, NULL, NULL, NULL, '0', '', '', '', '', NULL, NULL, '', '', '', '', NULL, NULL, NULL, NULL, NULL, NULL, '');
REPLACE INTO `rvs_project_page` (`project_page_id`, `rvs_usr_id`, `page_name`, `custom_page_name`, `rvs_component_id`, `page_data`, `page_data_zone_2`, `page_data_zone_3`, `page_data_zone_4`, `colume_width_1`, `colume_width_2`, `colume_width_3`, `rvs_layout_id`, `head`, `page_title`, `meta_keyword`, `meta_description`, `effect_page_enter`, `duration_page_enter`, `meta_page_effect`, `rvs_link_id`, `target`, `form_template_id`, `i_pathway`, `i_mail`, `i_print`, `i_favorite`, `last_modifier`, `link_active`, `page_type`) VALUES ('582abfca0c3f083a60cd9fffedfb435c', '779ffe2f26bc85fd7537b0a2ed40a8d6', 'Hinnat', '', '0', '<span></span><!-- ####### LAYOUT CSS: MODIFY COLOR, FONT AND BOX SIZE HERE BUT DO NOT DELETE. ####### --><style      type=\"text/css\">\n\n.type10b{ \n  font-weight:bold;\n   color:#717171;\n}\n.type10right_ext{background-image:url(/3rdparty/rvsitebuilder/themes/default/sitebuilder/images/right_ex_t.gif);}\n.type10right_exb{background-image:url(/3rdparty/rvsitebuilder/themes/default/sitebuilder/images/right_ex_b.gif);}\n.type10right_exl{background-image:url(/3rdparty/rvsitebuilder/themes/default/sitebuilder/images/right_ex_l.gif);}\n.type10right_exr{background-image:url(/3rdparty/rvsitebuilder/themes/default/sitebuilder/images/right_ex_r.gif);}\n.type10block_ext{background-image:url(/3rdparty/rvsitebuilder/themes/default/sitebuilder/images/block_ex_t.gif);}\n.type10block_exb{background-image:url(/3rdparty/rvsitebuilder/themes/default/sitebuilder/images/block_ex_b.gif);}\n.type10block_exl{background-image:url(/3rdparty/rvsitebuilder/themes/default/sitebuilder/images/block_ex_l.gif);}\n.type10block_exr{background-image:url(/3rdparty/rvsitebuilder/themes/default/sitebuilder/images/block_ex_r.gif);}\n\n.type10bgblock{\n  background-image:url(/3rdparty/rvsitebuilder/themes/default/sitebuilder/images/bgblock.gif);\n   color:#FFFFFF;\n  text-align:left;\n}\n\n.type10right_line{background-image:url(/3rdparty/rvsitebuilder/themes/default/sitebuilder/images/right_line.gif);}\n.type10rightpad01{\n  padding:13px 3px;\n   text-align:left;\n}\n.type10rightpad02{\n padding:8px 3px;\n    text-align:left;\n    color:#717171;\n}\n.type10bgwhite{\n  background-color:#FFFFFF;\n}\n.type10txtbody{color:#717171;}\n</style><img alt=\"\" title=\"\" src=\"/3rdparty/rvsitebuilder/project/8dbc5c2ea7bc18f80ac508296dcf5510/images/sivu_kuvat_muut/kukka2.jpg\" width=\"229\" height=\"277\" />', '<div><span></span><style     type=\"text/css\">\n\n.type10b{ \n  font-weight:bold;\n   color:#717171;\n}\n.type10right_ext{background-image:url(/3rdparty/rvsitebuilder/themes/default/sitebuilder/images/right_ex_t.gif);}\n.type10right_exb{background-image:url(/3rdparty/rvsitebuilder/themes/default/sitebuilder/images/right_ex_b.gif);}\n.type10right_exl{background-image:url(/3rdparty/rvsitebuilder/themes/default/sitebuilder/images/right_ex_l.gif);}\n.type10right_exr{background-image:url(/3rdparty/rvsitebuilder/themes/default/sitebuilder/images/right_ex_r.gif);}\n.type10block_ext{background-image:url(/3rdparty/rvsitebuilder/themes/default/sitebuilder/images/block_ex_t.gif);}\n.type10block_exb{background-image:url(/3rdparty/rvsitebuilder/themes/default/sitebuilder/images/block_ex_b.gif);}\n.type10block_exl{background-image:url(/3rdparty/rvsitebuilder/themes/default/sitebuilder/images/block_ex_l.gif);}\n.type10block_exr{background-image:url(/3rdparty/rvsitebuilder/themes/default/sitebuilder/images/block_ex_r.gif);}\n\n.type10bgblock{\n  background-image:url(/3rdparty/rvsitebuilder/themes/default/sitebuilder/images/bgblock.gif);\n   color:#FFFFFF;\n  text-align:left;\n}\n\n.type10right_line{background-image:url(/3rdparty/rvsitebuilder/themes/default/sitebuilder/images/right_line.gif);}\n.type10rightpad01{\n  padding:13px 3px;\n   text-align:left;\n}\n.type10rightpad02{\n padding:8px 3px;\n    text-align:left;\n    color:#717171;\n}\n.type10bgwhite{\n  background-color:#FFFFFF;\n}\n.type10txtbody{color:#717171;}\n</style><img alt=\"\" title=\"\" src=\"/3rdparty/rvsitebuilder/project/8dbc5c2ea7bc18f80ac508296dcf5510/images/sivu_kuvat_muut/spacer.jpg\" width=\"19\" height=\"100\" /></div>\n<div>\n<div>Hinnat ovat yksilöllisiä ja täysin riippuvaisia asiakkaan tilaisuudesta, juhlijoiden määrästä ja siitä mitä asiakas on palvelukokonaisuudestamme valinnut. Kokonaishinta muodostuu asiakkaan budjetin mukaan. </div></div>\n<div>\n<div>&nbsp;</div></div>\n<div>Olkaa yhteydessä meihin, niin katsotaan yhdessä millainen tilaisuus käytössä olevalla budjetilla saadaan järjestettyä.<br />\n<div>\n<div><br />\n&nbsp;</div></div></div>\n<p><!-- ####### LAYOUT CSS: MODIFY COLOR, FONT AND BOX SIZE HERE BUT DO NOT DELETE. ####### -->\n<table class=\"type10bgwhite\" cellpadding=\"0\" cellspacing=\"0\">\n<tbody>\n<tr>\n<td valign=\"top\"><br />\n</td></tr></tbody></table></p>', NULL, NULL, '36', '64', NULL, '2', '', '', '', '', NULL, NULL, '', '', '', '', NULL, NULL, NULL, NULL, '1315849849', NULL, '');
REPLACE INTO `rvs_project_page` (`project_page_id`, `rvs_usr_id`, `page_name`, `custom_page_name`, `rvs_component_id`, `page_data`, `page_data_zone_2`, `page_data_zone_3`, `page_data_zone_4`, `colume_width_1`, `colume_width_2`, `colume_width_3`, `rvs_layout_id`, `head`, `page_title`, `meta_keyword`, `meta_description`, `effect_page_enter`, `duration_page_enter`, `meta_page_effect`, `rvs_link_id`, `target`, `form_template_id`, `i_pathway`, `i_mail`, `i_print`, `i_favorite`, `last_modifier`, `link_active`, `page_type`) VALUES ('95774bad79a5b1d1eacb9771421ca956', '779ffe2f26bc85fd7537b0a2ed40a8d6', 'Yhteystiedot', '', '0', '<img alt=\"\" title=\"\" src=\"/cpsess8426953425/3rdparty/rvsitebuilder/project/8dbc5c2ea7bc18f80ac508296dcf5510/images/sivu_kuvat_muut/pieni_kayntikortti_kukkis_2.jpg\" height=\"197\" width=\"414\" /><br />\n<div>\n<div>&nbsp;</div>\n<div>Kotipaikka: Vantaa </div></div>\n<div>\n<div>&nbsp;</div>\n<div>Y-tunnus: 2422111-5&nbsp;</div></div>\n<div>&nbsp;</div>\n<div>&nbsp;</div>\n<div><em><br />\n</em> </div>\n<div></div><!-- ########################### END CSS LAYOUT ###########################  -->', NULL, NULL, NULL, NULL, NULL, NULL, '1', '', '', '', '', NULL, NULL, '', '', '', '', NULL, NULL, NULL, NULL, '1315772010', NULL, '');
REPLACE INTO `rvs_project_page` (`project_page_id`, `rvs_usr_id`, `page_name`, `custom_page_name`, `rvs_component_id`, `page_data`, `page_data_zone_2`, `page_data_zone_3`, `page_data_zone_4`, `colume_width_1`, `colume_width_2`, `colume_width_3`, `rvs_layout_id`, `head`, `page_title`, `meta_keyword`, `meta_description`, `effect_page_enter`, `duration_page_enter`, `meta_page_effect`, `rvs_link_id`, `target`, `form_template_id`, `i_pathway`, `i_mail`, `i_print`, `i_favorite`, `last_modifier`, `link_active`, `page_type`) VALUES ('8a94fe42228f06515c666e9a1e8d3f2b', '779ffe2f26bc85fd7537b0a2ed40a8d6', 'Palvelukuvaus', '', '0', '<p align=\"center\"><span></span><!-- ####### LAYOUT CSS: MODIFY COLOR, FONT AND BOX SIZE HERE BUT DO NOT DELETE. ####### --> <img alt=\"\" title=\"\" src=\"/3rdparty/rvsitebuilder/project/8dbc5c2ea7bc18f80ac508296dcf5510/images/sivu_kuvat_muut/kukka3.jpg\" width=\"236\" height=\"394\" /><!-- ########################### END CSS LAYOUT ###########################  --></p>\n<div>&nbsp;</div>\n<div>&nbsp;</div>\n<div>&nbsp;</div>\n<div>&nbsp;</div>', '<div align=\"left\"><span></span><!-- ####### LAYOUT CSS: MODIFY COLOR, FONT AND BOX SIZE HERE BUT DO NOT DELETE. ####### --><style      type=\"text/css\">\n\n.type10b{ \n  font-weight:bold;\n   color:#717171;\n}\n.type10right_ext{background-image:url(/3rdparty/rvsitebuilder/themes/default/sitebuilder/images/right_ex_t.gif);}\n.type10right_exb{background-image:url(/3rdparty/rvsitebuilder/themes/default/sitebuilder/images/right_ex_b.gif);}\n.type10right_exl{background-image:url(/3rdparty/rvsitebuilder/themes/default/sitebuilder/images/right_ex_l.gif);}\n.type10right_exr{background-image:url(/3rdparty/rvsitebuilder/themes/default/sitebuilder/images/right_ex_r.gif);}\n.type10block_ext{background-image:url(/3rdparty/rvsitebuilder/themes/default/sitebuilder/images/block_ex_t.gif);}\n.type10block_exb{background-image:url(/3rdparty/rvsitebuilder/themes/default/sitebuilder/images/block_ex_b.gif);}\n.type10block_exl{background-image:url(/3rdparty/rvsitebuilder/themes/default/sitebuilder/images/block_ex_l.gif);}\n.type10block_exr{background-image:url(/3rdparty/rvsitebuilder/themes/default/sitebuilder/images/block_ex_r.gif);}\n\n.type10bgblock{\n  background-image:url(/3rdparty/rvsitebuilder/themes/default/sitebuilder/images/bgblock.gif);\n   color:#FFFFFF;\n  text-align:left;\n}\n\n.type10right_line{background-image:url(/3rdparty/rvsitebuilder/themes/default/sitebuilder/images/right_line.gif);}\n.type10rightpad01{\n  padding:13px 3px;\n   text-align:left;\n}\n.type10rightpad02{\n padding:8px 3px;\n    text-align:left;\n    color:#717171;\n}\n.type10bgwhite{\n  background-color:#FFFFFF;\n}\n.type10txtbody{color:#717171;}\n</style></div><img alt=\"\" title=\"\" src=\"/3rdparty/rvsitebuilder/project/8dbc5c2ea7bc18f80ac508296dcf5510/images/sivu_kuvat_muut/spacer.jpg\" width=\"39\" height=\"70\" />\n<div align=\"left\"></div>\n<div align=\"left\">Juhlapalvelu Säihke tarjoaa juhlapalvelua yrityksille ja yksityisille. Järjestämme erilaisia tilaisuuksia mm. pikkujouluja, kesäjuhlia, toiminta-iltapäiviä, vuosipäiviä, häitä, polttareita, naisten iltoja.</div>\n<div align=\"left\">&nbsp;</div>\n<div align=\"left\">Järjestämme asiakkaan puolesta koko tilaisuuden\njärjestelyt tai vaihto-ehtoisesti asiakkaan tarvitsemat osat. Etsimme asiakkaan tarpeisiin sopivan juhlatilan, vuokraamme sen\nasiakkaan puolesta, hoidamme tilaisuuteen ohjelman, bändin, koristelut,\nkuljetukset, tarjoilun. </div>\n<div align=\"left\"></div>\n<p align=\"left\">Jos asiakkaalla on jo kaikki muut juhlaan tarvittavat asiat hoidossa mutta koristeet puuttuvat niin asiakas voi ostaa koristeet meiltä tai vuokrata ne käyttöönsä tilaisuuteen. Vuokraamalla koristeet, ne eivät turhaan pyöri asiakkaan nurkissa tilaisuuden jälkeen.</p>\n<div align=\"left\"></div>\n<div>Kauttamme voi myös tilata tilaisuuteen kutsukortit. Jokaisen tilaisuuden kutsukortti on yksilöllinen ja ne tehdään &quot;käsityönä&quot;. </div>\n<div align=\"left\">\n&nbsp;</div>\n<div>Tarvittaessa järjestämme paikalle valokuvaajan. Kauttamme on mahdollista saada tilaisuuteen myös juontaja.</div>', NULL, NULL, '34', '66', NULL, '2', '', '', '', '', NULL, NULL, '', '', '', '', NULL, NULL, NULL, NULL, '1315851816', NULL, '');
REPLACE INTO `rvs_project_page` (`project_page_id`, `rvs_usr_id`, `page_name`, `custom_page_name`, `rvs_component_id`, `page_data`, `page_data_zone_2`, `page_data_zone_3`, `page_data_zone_4`, `colume_width_1`, `colume_width_2`, `colume_width_3`, `rvs_layout_id`, `head`, `page_title`, `meta_keyword`, `meta_description`, `effect_page_enter`, `duration_page_enter`, `meta_page_effect`, `rvs_link_id`, `target`, `form_template_id`, `i_pathway`, `i_mail`, `i_print`, `i_favorite`, `last_modifier`, `link_active`, `page_type`) VALUES ('54ea9bd27755294e2f746e7772ee23a4', '779ffe2f26bc85fd7537b0a2ed40a8d6', 'Hemmottelu', '', '0', '<div><font style=\"font-size: medium\"><span style=\"font-size: 14pt; font-family: Calibri; color: black; font-weight: bold\">Kauneushoidot</span></font></div>\n<div><font style=\"font-size: medium\">&nbsp;</font></div>\n<div>\n<p style=\"language: fi; margin-top: 3.36pt; margin-bottom: 0pt; margin-left: 0in; text-indent: 0in; text-align: left; direction: ltr; unicode-bidi: embed; vertical-align: baseline; punctuation-wrap: hanging\"><font style=\"font-size: medium\"><font style=\"font-size: medium\"><font style=\"font-size: medium\"><span style=\"font-size: 14.0pt; font-family: Calibri; color: black; language: fi; font-weight: bold\"><font style=\"font-size: medium\">Ripset</font> </span></font><span style=\"font-size: 14.0pt; font-family: Calibri; color: black; language: fi; font-weight: bold\"><font style=\"font-size: medium\">ja\nkulmat kestovärjäys + kulmien muotoilu</font> </span></font><span style=\"font-size: 14.0pt; font-family: Calibri; color: black; language: fi; font-weight: bold\"><font style=\"font-size: medium\">22e</font></span><span style=\"font-size: 14.0pt; font-family: Calibri; color: black; language: fi; font-weight: bold\"></span></font></p>\n<p style=\"language: fi; margin-top: 3.36pt; margin-bottom: 0pt; margin-left: 0in; text-indent: 0in; text-align: left; direction: ltr; unicode-bidi: embed; vertical-align: baseline; punctuation-wrap: hanging\"><font style=\"font-size: medium\"><font style=\"font-size: medium\"><span style=\"font-size: 14pt; font-family: Calibri; color: black; font-weight: bold\"><font style=\"font-size: medium\">Ripset tai kulmat</font> <font style=\"font-size: medium\">kestovärjäys + muotoilu </font></span></font></font><font style=\"font-size: medium\"><span style=\"font-size: 14.0pt; font-family: Calibri; color: black; language: fi; font-weight: bold\"><font style=\"font-size: medium\">18e</font></span></font><font style=\"font-size: medium\"><font style=\"font-size: medium\"><span style=\"font-size: 14.0pt; font-family: Calibri; color: black; language: fi; font-weight: bold\"> </span><font style=\"font-size: medium\"><span style=\"font-size: 14.0pt; font-family: Calibri; color: black; language: fi; font-weight: bold\"></span></font></font><span style=\"font-size: 14.0pt; font-family: Calibri; color: black; language: fi; font-weight: bold\"></span></font></p>\n<p style=\"language: fi; margin-top: 3.36pt; margin-bottom: 0pt; margin-left: 0in; text-indent: 0in; text-align: left; direction: ltr; unicode-bidi: embed; vertical-align: baseline; punctuation-wrap: hanging\"><font style=\"font-size: medium\"><font style=\"font-size: medium\"><font style=\"font-size: medium\"><span style=\"font-size: 14.0pt; font-family: Calibri; color: black; language: fi; font-weight: bold\"><font style=\"font-size: medium\">Miesten </font>k</span></font><span style=\"font-size: 14pt; font-family: Calibri; color: black; font-weight: bold\"><font style=\"font-size: medium\">ulmien\nsiistiminen </font></span></font></font><font style=\"font-size: medium\"><span style=\"font-size: 14.0pt; font-family: Calibri; color: black; language: fi; font-weight: bold\"><font style=\"font-size: medium\">17</font></span></font><font style=\"font-size: medium\"><font style=\"font-size: medium\"><span style=\"font-size: 14.0pt; font-family: Calibri; color: black; language: fi; font-weight: bold\"></span></font><span style=\"font-size: 14.0pt; font-family: Calibri; color: black; language: fi; font-weight: bold\"><font style=\"font-size: medium\">e</font><br />\n<br /></span></font></p>\n<p style=\"language: fi; margin-top: 3.36pt; margin-bottom: 0pt; margin-left: 0in; text-indent: 0in; text-align: left; direction: ltr; unicode-bidi: embed; vertical-align: baseline; punctuation-wrap: hanging\"><font style=\"font-size: medium\"><span style=\"font-size: 14.0pt; font-family: Calibri; color: black; language: fi; font-weight: bold\"></span></font></p>\n<p style=\"language: fi; margin-top: 3.36pt; margin-bottom: 0pt; margin-left: 0in; text-indent: 0in; text-align: left; direction: ltr; unicode-bidi: embed; vertical-align: baseline; punctuation-wrap: hanging\"><font style=\"font-size: medium\"><span style=\"font-size: 14.0pt; font-family: Calibri; color: black; language: fi; font-weight: bold\"><font style=\"font-size: medium\">Manikyyri</font><font style=\"font-size: medium\"> 33e</font></span></font></p>\n<p style=\"language: fi; margin-top: 3.36pt; margin-bottom: 0pt; margin-left: 0in; text-indent: 0in; text-align: left; direction: ltr; unicode-bidi: embed; vertical-align: baseline; punctuation-wrap: hanging\"><span style=\"font-size: 14.0pt; font-family: Calibri; color: black; language: fi\"><font style=\"font-size: small\">(sisältää mm.:\nkynsinauhojen hoito, kuorinta, kevyt hieronta. Lakkaus + 8e, lakan saa omaksi.)</font><br />\n<br /></span></p>\n<p style=\"language: fi; margin-top: 3.36pt; margin-bottom: 0pt; margin-left: 0in; text-indent: 0in; text-align: left; direction: ltr; unicode-bidi: embed; vertical-align: baseline; punctuation-wrap: hanging\"><span style=\"font-size: 14.0pt; font-family: Calibri; color: black; language: fi; font-weight: bold\"></span></p>\n<p style=\"language: fi; margin-top: 3.36pt; margin-bottom: 0pt; margin-left: 0in; text-indent: 0in; text-align: left; direction: ltr; unicode-bidi: embed; vertical-align: baseline; punctuation-wrap: hanging\"><font style=\"font-size: medium\"><span style=\"font-size: 14.0pt; font-family: Calibri; color: black; language: fi; font-weight: bold\"><font style=\"font-size: medium\">Jalkahoito</font><font style=\"font-size: medium\"> 43e</font></span></font><span style=\"font-size: 14.0pt; font-family: Calibri; color: black; language: fi; font-weight: bold\"></span></p>\n<div style=\"margin-top: 3.36pt; margin-bottom: 0pt; margin-left: 0in; text-indent: 0in; text-align: left; direction: ltr; unicode-bidi: embed; vertical-align: baseline\"><font style=\"font-size: smaller\"><font style=\"font-size: small\"><font style=\"font-size: small\"><font style=\"font-size: small\"><span style=\"font-size: 14pt; font-family: Calibri; color: black\"><font style=\"font-size: small\">(sisältää mm.:</font> </span></font><span style=\"font-size: 14pt; font-family: Calibri; color: black\"><font style=\"font-size: small\">kylvetys, kovettuminen\npoisto, kuorinta,</font> <font style=\"font-size: small\">kynsinauhojen </font></span></font><span style=\"font-size: 14pt; font-family: Calibri; color: black\"><font style=\"font-size: small\">hoito,</font> </span></font></font><span style=\"font-size: 14pt; font-family: Calibri; color: black\"></span><span style=\"font-size: 14pt; font-family: Calibri; color: black\"></span><font style=\"font-size: smaller\"><span style=\"font-size: 14pt; font-family: Calibri; color: black\"><font style=\"font-size: small\">kynsien lyhentäminen, </font></span><span style=\"font-size: 14pt; font-family: Calibri; color: black\"><font style=\"font-size: small\">kevyt hieronta. </font></span></font><font style=\"font-size: small\"><font style=\"font-size: small\"><font style=\"font-size: small\"><span style=\"font-size: 14pt; font-family: Calibri; color: black\"><font style=\"font-size: small\">Lakkaus</font> <font style=\"font-size: small\">+</font> </span></font><span style=\"font-size: 14pt; font-family: Calibri; color: black\"><font style=\"font-size: small\">8e,</font> <font style=\"font-size: small\">lakan saa omaksi.)</font></span></font></font></div>\n<div style=\"margin-top: 3.36pt; margin-bottom: 0pt; margin-left: 0in; text-indent: 0in; text-align: left; direction: ltr; unicode-bidi: embed; vertical-align: baseline\"><span style=\"font-size: 14pt; font-family: Calibri; color: black\">&nbsp;</span></div>\n<div style=\"margin-top: 3.36pt; margin-bottom: 0pt; margin-left: 0in; text-indent: 0in; text-align: left; direction: ltr; unicode-bidi: embed; vertical-align: baseline\"><font style=\"font-size: medium\"><span style=\"font-size: 14pt; font-family: Calibri; color: black\"><font style=\"font-size: medium\">Hinnat</font> <font style=\"font-size: medium\">voimassa</font> <font style=\"font-size: medium\">kotihoitolassa</font> <font style=\"font-size: medium\">Vantaalla.</font></span></font></div>\n<div style=\"margin-top: 3.36pt; margin-bottom: 0pt; margin-left: 0in; text-indent: 0in; text-align: left; direction: ltr; unicode-bidi: embed; vertical-align: baseline\"><span style=\"font-size: 14pt; font-family: Calibri; color: black\">&nbsp;</span></div>\n<div style=\"margin-top: 3.36pt; margin-bottom: 0pt; margin-left: 0in; text-indent: 0in; text-align: left; direction: ltr; unicode-bidi: embed; vertical-align: baseline\"><span style=\"font-size: 14pt; font-family: Calibri; color: black\"><font style=\"font-size: medium\"><em><strong>Soita ja varaa aika! </strong></em></font><br />\n</span></div>\n<div style=\"margin-top: 3.36pt; margin-bottom: 0pt; margin-left: 0in; text-indent: 0in; text-align: left; direction: ltr; unicode-bidi: embed; vertical-align: baseline\"><span style=\"font-size: 14pt; font-family: Calibri; color: black\">&nbsp;</span></div>\n<div style=\"margin-top: 3.36pt; margin-bottom: 0pt; margin-left: 0in; text-indent: 0in; text-align: left; direction: ltr; unicode-bidi: embed; vertical-align: baseline\"><span style=\"font-size: 14pt; font-family: Calibri; color: black\"><font style=\"font-size: medium\">Teemme myös kotikäyntejä. Voimme laatia esim. polttareihin, tyttöjen iltoihin, syntymäpäiville mukavan yllätyksen.</font> <font style=\"font-size: medium\"><strong><em>Soita ja kysy lisää kotikäyntien hinnoista!</em></strong></font></span></div>\n<div style=\"margin-top: 3.36pt; margin-bottom: 0pt; margin-left: 0in; text-indent: 0in; text-align: left; direction: ltr; unicode-bidi: embed; vertical-align: baseline\"><font style=\"font-size: medium\"><span style=\"font-size: 14pt; font-family: Calibri; color: black\">&nbsp;</span></font></div>\n<div style=\"margin-top: 3.36pt; margin-bottom: 0pt; margin-left: 0in; text-indent: 0in; text-align: left; direction: ltr; unicode-bidi: embed; vertical-align: baseline\"><font style=\"font-size: medium\"><span style=\"font-size: 14pt; font-family: Calibri; color: black\"><font style=\"font-size: medium\">Tulemme mukaan myös erilaisiin tapahtumiin.</font> <font style=\"font-size: medium\"><strong><em>Yhdistykset ja yritykset, ottakaa yhteyttä!</em></strong></font></span></font></div>\n<div style=\"margin-top: 3.36pt; margin-bottom: 0pt; margin-left: 0in; text-indent: 0in; text-align: left; direction: ltr; unicode-bidi: embed; vertical-align: baseline\"><span style=\"font-size: 14pt; font-family: Calibri; color: black\"><strong><em>&nbsp;</em></strong></span></div>\n<div style=\"margin-top: 3.36pt; margin-bottom: 0pt; margin-left: 0in; text-indent: 0in; text-align: left; direction: ltr; unicode-bidi: embed; vertical-align: baseline\"><span style=\"font-size: 14pt; font-family: Calibri; color: black\"><font style=\"font-size: medium\"><strong><em>Teitä palvelee SKY Cidesco kosmetologi. </em></strong></font><br />\n</span></div>\n<div style=\"margin-top: 3.36pt; margin-bottom: 0pt; margin-left: 0in; text-indent: 0in; text-align: left; direction: ltr; unicode-bidi: embed; vertical-align: baseline\"><span style=\"font-size: 14pt; font-family: Calibri; color: black\"></span><span style=\"font-size: 14pt; font-family: Calibri; color: black\"></span></div>&nbsp;</div>', '<br />', NULL, NULL, NULL, NULL, NULL, '4', '', '', '', '', NULL, NULL, '', '', '', '', NULL, NULL, NULL, NULL, '1340042327', NULL, '');
REPLACE INTO `rvs_project_page` (`project_page_id`, `rvs_usr_id`, `page_name`, `custom_page_name`, `rvs_component_id`, `page_data`, `page_data_zone_2`, `page_data_zone_3`, `page_data_zone_4`, `colume_width_1`, `colume_width_2`, `colume_width_3`, `rvs_layout_id`, `head`, `page_title`, `meta_keyword`, `meta_description`, `effect_page_enter`, `duration_page_enter`, `meta_page_effect`, `rvs_link_id`, `target`, `form_template_id`, `i_pathway`, `i_mail`, `i_print`, `i_favorite`, `last_modifier`, `link_active`, `page_type`) VALUES ('b4ed49caf3d71d8311a917dbff04e16a', '779ffe2f26bc85fd7537b0a2ed40a8d6', 'Kurssit', '', '0', '<div align=\"center\"><img alt=\"\" title=\"\" src=\"/3rdparty/rvsitebuilder/project/8dbc5c2ea7bc18f80ac508296dcf5510/images/sivu_kuvat_muut/saihke1.gif\" height=\"140\" width=\"140\" /><br />\n</div>', '<div><strong>Kurssit</strong></div>\n<div>&nbsp;</div>\n<div>Kauttamme voitte tilata polttareihin, syntymäpäiville ja muihin erilaisiin tapahtumiin monenlaisia kursseja. Hopeasavikorukursseja, kankaan kuviointia kangasväreillä, silkkivärjäystä, erityyppisiä korukursseja, saippuanvalmistusta yms. Teemme myös kotikäyntejä.</div>\n<div>\n<div>&nbsp;</div></div>\n<div>\n<div>&nbsp;</div></div>\n<div>\n<div>&nbsp;</div></div>\n<div>\n<div>\n<div>\n<div>&nbsp;</div></div></div></div>\n<div>\n<div align=\"left\">\n<p><strong>Lasten kesäkurssit Vantaalla:</strong></p></div>\n<div>\n<div>Pe 8.6. klo 10-12 saippuan valmistusta. Tehdään yhdessä mm. hunaja saippuoita. <br />\nHinta 15e/osallistuja<br />\n<br />Ma 11.6. klo 12-15 teemme kesäretkille kivat kesäkassit kankaanvärjäyksellä. <br />\nHinta 15e/osallistuja<br />\n<br />Ti 12.6. klo 10-12 Kaikkea kivaa savesta. (Osa 1/2)<br />\nPe 15.6. klo 10-12 Maalataan tiistain savityöt (osa 2/2)<br />\nHinta 25e/osallistuja<br />\n<br />Ke 13.6. klo 10-12 Suunnitellaan ja tehdään korurasiat. <br />\nHinta 15e/osallistuja<br />\n<br />To 14.6. klo 10-12 Askarrellaan omat kruunut. <br />\nHinta 15e/osallistuja</div></div>\n<div>\n<div>&nbsp;</div></div>\n<div>\n<div>\n<div><br />\n<em><strong>Soita ja kysy lisää!</strong></em></div></div></div>&nbsp;</div>', '<br />', NULL, '26', '74', NULL, '6', '', '', '', '', NULL, NULL, '', '', '', '', NULL, NULL, NULL, NULL, '1339011593', NULL, '');
REPLACE INTO `rvs_project_page` (`project_page_id`, `rvs_usr_id`, `page_name`, `custom_page_name`, `rvs_component_id`, `page_data`, `page_data_zone_2`, `page_data_zone_3`, `page_data_zone_4`, `colume_width_1`, `colume_width_2`, `colume_width_3`, `rvs_layout_id`, `head`, `page_title`, `meta_keyword`, `meta_description`, `effect_page_enter`, `duration_page_enter`, `meta_page_effect`, `rvs_link_id`, `target`, `form_template_id`, `i_pathway`, `i_mail`, `i_print`, `i_favorite`, `last_modifier`, `link_active`, `page_type`) VALUES ('a23b4f5ca2736400321359463de64666', '779ffe2f26bc85fd7537b0a2ed40a8d6', 'Valokuvaus', '', '0', '&nbsp;<img alt=\"\" title=\"\" src=\"/cpsess9050356846/3rdparty/rvsitebuilder/project/8dbc5c2ea7bc18f80ac508296dcf5510/images/sivu_kuvat_muut/avain1.jpg\" height=\"455\" width=\"700\" />\n<div>&nbsp;</div>\n<div>&nbsp;</div>', '<br />', NULL, NULL, NULL, NULL, NULL, '4', '', '', '', '', NULL, NULL, '', '', '', '', NULL, NULL, NULL, NULL, '1332535962', '0', '');
REPLACE INTO `rvs_project_page` (`project_page_id`, `rvs_usr_id`, `page_name`, `custom_page_name`, `rvs_component_id`, `page_data`, `page_data_zone_2`, `page_data_zone_3`, `page_data_zone_4`, `colume_width_1`, `colume_width_2`, `colume_width_3`, `rvs_layout_id`, `head`, `page_title`, `meta_keyword`, `meta_description`, `effect_page_enter`, `duration_page_enter`, `meta_page_effect`, `rvs_link_id`, `target`, `form_template_id`, `i_pathway`, `i_mail`, `i_print`, `i_favorite`, `last_modifier`, `link_active`, `page_type`) VALUES ('0cd4787074d798c8d00426644cb1bbf9', '779ffe2f26bc85fd7537b0a2ed40a8d6', 'Hintaryhmä 1', '', '0', '<div align=\"center\"><strong>Valokuvaus hintaryhmä 1</strong></div>', '<br />', NULL, NULL, NULL, NULL, NULL, '4', '', '', '', '', NULL, NULL, '', '', '', '', NULL, NULL, NULL, NULL, '1327095364', NULL, '');
REPLACE INTO `rvs_project_page` (`project_page_id`, `rvs_usr_id`, `page_name`, `custom_page_name`, `rvs_component_id`, `page_data`, `page_data_zone_2`, `page_data_zone_3`, `page_data_zone_4`, `colume_width_1`, `colume_width_2`, `colume_width_3`, `rvs_layout_id`, `head`, `page_title`, `meta_keyword`, `meta_description`, `effect_page_enter`, `duration_page_enter`, `meta_page_effect`, `rvs_link_id`, `target`, `form_template_id`, `i_pathway`, `i_mail`, `i_print`, `i_favorite`, `last_modifier`, `link_active`, `page_type`) VALUES ('905a8ae2e1ec10381daee8d121bf80e6', '779ffe2f26bc85fd7537b0a2ed40a8d6', 'Hintaryhmä 2', '', '0', '<div align=\"center\"><strong>Valokuvaus hintaryhmä 2</strong></div>\n<div align=\"center\">&nbsp; </div>\n<div align=\"center\">&nbsp;</div>\n<div align=\"center\">\n<div><img alt=\"\" title=\"\" src=\"/3rdparty/rvsitebuilder/project/8dbc5c2ea7bc18f80ac508296dcf5510/images/kuvaus_hintaryhma_2/Bild321_w.jpg\" height=\"467\" width=\"700\" /></div></div>\n<div align=\"center\">\n<div>&nbsp;</div></div>\n<div align=\"center\">\n<div><img alt=\"\" title=\"\" src=\"/3rdparty/rvsitebuilder/project/8dbc5c2ea7bc18f80ac508296dcf5510/images/kuvaus_hintaryhma_2/Bild293_w.jpg\" height=\"700\" width=\"467\" /></div></div>\n<div align=\"center\">\n<div>&nbsp;</div></div>\n<div align=\"center\">\n<div><img alt=\"\" title=\"\" src=\"/3rdparty/rvsitebuilder/project/8dbc5c2ea7bc18f80ac508296dcf5510/images/kuvaus_hintaryhma_2/Bild051_w.jpg\" height=\"700\" width=\"428\" /></div></div>\n<div align=\"center\">\n<div>&nbsp;</div></div>\n<div align=\"center\">\n<div><img alt=\"\" title=\"\" src=\"/3rdparty/rvsitebuilder/project/8dbc5c2ea7bc18f80ac508296dcf5510/images/kuvaus_hintaryhma_2/Bild478_w.jpg\" height=\"700\" width=\"467\" /></div></div>\n<div align=\"center\">\n<div>&nbsp;</div></div>\n<div align=\"center\">\n<div><img alt=\"\" title=\"\" src=\"/3rdparty/rvsitebuilder/project/8dbc5c2ea7bc18f80ac508296dcf5510/images/kuvaus_hintaryhma_2/IMG_9763_w.jpg\" height=\"700\" width=\"467\" /></div></div>\n<div align=\"center\">\n<div>&nbsp;</div></div>\n<div>\n<div align=\"center\"><img alt=\"\" title=\"\" src=\"/3rdparty/rvsitebuilder/project/8dbc5c2ea7bc18f80ac508296dcf5510/images/kuvaus_hintaryhma_2/IMG_9662_w.jpg\" height=\"700\" width=\"700\" /></div>\n<div>\n<div>\n<div>\n<div>\n<div>\n<div>\n<div>\n<div>\n<div></div>\n<div>\n<div>&nbsp;</div></div></div>\n<div align=\"center\">\n<div><img alt=\"\" title=\"\" src=\"/cpsess5212917744/3rdparty/rvsitebuilder/project/8dbc5c2ea7bc18f80ac508296dcf5510/images/kuvaus_hintaryhma_2/IMG_7689_v2_1500_72.jpg\" height=\"700\" width=\"467\" /></div></div></div>\n<div>\n<div>&nbsp;</div></div></div>\n<div align=\"center\">\n<div>&nbsp;<img alt=\"\" title=\"\" src=\"/cpsess5212917744/3rdparty/rvsitebuilder/project/8dbc5c2ea7bc18f80ac508296dcf5510/images/kuvaus_hintaryhma_2/IMG_7870_1500_72.jpg\" height=\"700\" width=\"467\" /></div></div></div>\n<div>\n<div>&nbsp;</div></div>\n<div align=\"center\">\n<div><img alt=\"\" title=\"\" src=\"/cpsess5212917744/3rdparty/rvsitebuilder/project/8dbc5c2ea7bc18f80ac508296dcf5510/images/kuvaus_hintaryhma_2/IMG_7985_1500_72.jpg\" height=\"700\" width=\"541\" />&nbsp;</div></div>\n<div>\n<div>&nbsp;</div></div>\n<div align=\"center\">\n<div>&nbsp;<img alt=\"\" title=\"\" src=\"/cpsess5212917744/3rdparty/rvsitebuilder/project/8dbc5c2ea7bc18f80ac508296dcf5510/images/kuvaus_hintaryhma_2/IMG_8124_v2_1500_72.jpg\" height=\"560\" width=\"700\" /></div></div>\n<div>\n<div>&nbsp;</div></div>\n<div align=\"center\">\n<div><img alt=\"\" title=\"\" src=\"/cpsess5212917744/3rdparty/rvsitebuilder/project/8dbc5c2ea7bc18f80ac508296dcf5510/images/kuvaus_hintaryhma_2/IMG_8172_1500_72.jpg\" height=\"467\" width=\"700\" /></div></div>\n<div>\n<div>&nbsp;</div></div>\n<div align=\"center\">\n<div>\n<div>\n<div>\n<div>\n<div>\n<div>\n<div><img alt=\"\" title=\"\" src=\"/cpsess5212917744/3rdparty/rvsitebuilder/project/8dbc5c2ea7bc18f80ac508296dcf5510/images/kuvaus_hintaryhma_2/IMG_8304_v2_1500_72.jpg\" height=\"541\" width=\"700\" /></div></div></div></div></div></div></div></div>\n<div>\n<div>\n<div>\n<div>\n<div>\n<div>&nbsp;</div></div></div>\n<div align=\"center\">\n<div><img alt=\"\" title=\"\" src=\"/cpsess5212917744/3rdparty/rvsitebuilder/project/8dbc5c2ea7bc18f80ac508296dcf5510/images/kuvaus_hintaryhma_2/IMG_8422_1500_72.jpg\" height=\"700\" width=\"467\" />&nbsp;</div></div></div>\n<div>\n<div>&nbsp;</div></div></div>\n<div align=\"center\">\n<div><img alt=\"\" title=\"\" src=\"/cpsess5212917744/3rdparty/rvsitebuilder/project/8dbc5c2ea7bc18f80ac508296dcf5510/images/kuvaus_hintaryhma_2/IMG_8443_1_1500_72.jpg\" height=\"495\" width=\"700\" /></div></div></div>\n<div>\n<div>&nbsp;</div></div></div></div></div></div></div>', '<br />', NULL, NULL, NULL, NULL, NULL, '4', '', '', '', '', NULL, NULL, '', '', '', '', NULL, NULL, NULL, NULL, '1339010120', NULL, '');
REPLACE INTO `rvs_project_page` (`project_page_id`, `rvs_usr_id`, `page_name`, `custom_page_name`, `rvs_component_id`, `page_data`, `page_data_zone_2`, `page_data_zone_3`, `page_data_zone_4`, `colume_width_1`, `colume_width_2`, `colume_width_3`, `rvs_layout_id`, `head`, `page_title`, `meta_keyword`, `meta_description`, `effect_page_enter`, `duration_page_enter`, `meta_page_effect`, `rvs_link_id`, `target`, `form_template_id`, `i_pathway`, `i_mail`, `i_print`, `i_favorite`, `last_modifier`, `link_active`, `page_type`) VALUES ('3310422af97f7e5fe1df1f6195884177', '779ffe2f26bc85fd7537b0a2ed40a8d6', 'Hintaryhmä 3', '', '0', '<div align=\"center\">\n<div align=\"center\">&nbsp;</div></div>\n<div align=\"center\">\n<div align=\"center\"><strong>Valokuvaus hintaryhmä 3</strong></div></div>\n<div align=\"center\">\n<div align=\"center\">\n<div align=\"center\"><img alt=\"\" title=\"\" src=\"/3rdparty/rvsitebuilder/project/8dbc5c2ea7bc18f80ac508296dcf5510/images/kuvaus_hintaryhma_3/kansi.jpg\" height=\"404\" width=\"532\" /></div></div>\n<div align=\"center\"></div>\n<div align=\"center\">\n<div align=\"center\"><img alt=\"\" title=\"\" src=\"/cpsess928757325/3rdparty/rvsitebuilder/project/8dbc5c2ea7bc18f80ac508296dcf5510/images/kuvaus_hintaryhma_3/2_kuvaa.jpg\" height=\"426\" width=\"700\" />&nbsp; </div></div>\n<div align=\"center\"><img alt=\"\" title=\"\" src=\"/3rdparty/rvsitebuilder/project/8dbc5c2ea7bc18f80ac508296dcf5510/images/kuvaus_hintaryhma_3/IMG_1861.jpg\" height=\"527\" width=\"700\" /><br />\n</div>\n<div align=\"center\">\n<div align=\"center\">&nbsp;</div></div>\n<div align=\"center\"></div>\n<div align=\"center\">\n<div align=\"center\"><img alt=\"\" title=\"\" src=\"/3rdparty/rvsitebuilder/project/8dbc5c2ea7bc18f80ac508296dcf5510/images/kuvaus_hintaryhma_3/IMG_1848.jpg\" height=\"527\" width=\"700\" /></div></div>\n<div align=\"center\">\n<div align=\"center\">&nbsp;</div></div>\n<div align=\"center\"></div>\n<div align=\"center\">\n<div align=\"center\"><img alt=\"\" title=\"\" src=\"/3rdparty/rvsitebuilder/project/8dbc5c2ea7bc18f80ac508296dcf5510/images/kuvaus_hintaryhma_3/IMG_1852.jpg\" height=\"527\" width=\"700\" /></div></div>\n<div align=\"center\">\n<div align=\"center\">&nbsp;</div></div>\n<div align=\"center\"></div>\n<div align=\"center\">\n<div align=\"center\"><img alt=\"\" title=\"\" src=\"/3rdparty/rvsitebuilder/project/8dbc5c2ea7bc18f80ac508296dcf5510/images/kuvaus_hintaryhma_3/IMG_1946.jpg\" height=\"527\" width=\"700\" /></div></div>\n<div align=\"center\">\n<div align=\"center\">&nbsp;</div></div>\n<div align=\"center\">\n<div align=\"center\">\n<div align=\"center\">\n<div align=\"center\">\n<div align=\"center\">\n<div align=\"center\"></div>\n<div align=\"center\">\n<div align=\"center\"><img alt=\"\" title=\"\" src=\"/3rdparty/rvsitebuilder/project/8dbc5c2ea7bc18f80ac508296dcf5510/images/kuvaus_hintaryhma_3/IMG_1954.jpg\" height=\"527\" width=\"700\" /></div></div>\n<div align=\"center\">\n<div align=\"center\">&nbsp;</div></div></div></div></div></div></div>\n<div align=\"center\">\n<div align=\"center\"><img alt=\"\" title=\"\" src=\"/3rdparty/rvsitebuilder/project/8dbc5c2ea7bc18f80ac508296dcf5510/images/kuvaus_hintaryhma_3/1.jpg\" height=\"528\" width=\"700\" /></div></div></div>\n<div align=\"center\">\n<div align=\"center\">&nbsp;</div></div>\n<div align=\"center\"><img alt=\"\" title=\"\" src=\"/3rdparty/rvsitebuilder/project/8dbc5c2ea7bc18f80ac508296dcf5510/images/kuvaus_hintaryhma_3/IMG_1879.jpg\" height=\"527\" width=\"700\" /></div> <br />\n<div align=\"center\">\n<div align=\"center\">\n<div align=\"center\"><img alt=\"\" title=\"\" src=\"/3rdparty/rvsitebuilder/project/8dbc5c2ea7bc18f80ac508296dcf5510/images/kuvaus_hintaryhma_3/IMG_1855.jpg\" height=\"527\" width=\"700\" /></div></div></div>\n<div align=\"center\">\n<div align=\"center\">&nbsp;</div></div>\n<div align=\"center\"><img alt=\"\" title=\"\" src=\"/3rdparty/rvsitebuilder/project/8dbc5c2ea7bc18f80ac508296dcf5510/images/kuvaus_hintaryhma_3/IMG_1912.jpg\" height=\"527\" width=\"700\" />\n<div align=\"center\">\n<div align=\"center\"><img alt=\"\" title=\"\" src=\"/3rdparty/rvsitebuilder/project/8dbc5c2ea7bc18f80ac508296dcf5510/images/kuvaus_hintaryhma_3/sivu7.jpg\" height=\"856\" width=\"620\" /></div></div></div>', '<br />', NULL, NULL, NULL, NULL, NULL, '4', '', '', '', '', NULL, NULL, '', '', '', '', NULL, NULL, NULL, NULL, '1327171165', NULL, '');
REPLACE INTO `rvs_publish` (`project_id`, `rvs_publish_protocal`, `rvs_publish_domain`, `rvs_publish_path`, `rvs_domain_path`) VALUES ('8dbc5c2ea7bc18f80ac508296dcf5510', 'http', 'xn--sihke-gra.fi', '', '/home/int42805/public_html');
REPLACE INTO `rvs_side_to_project` (`rvs_side_id`, `project_id`) VALUES ('c7a16dfd59d9601dc4a40be68bd18ef4', '8dbc5c2ea7bc18f80ac508296dcf5510');
REPLACE INTO `rvs_side` (`rvs_side_id`, `side_config`, `side_value`) VALUES ('c7a16dfd59d9601dc4a40be68bd18ef4', 'side1', '<div align=\"center\"><font style=\"font-size: xx-small\">Juhlapalvelu Säihke<br />\r\n</font></div>\r\n<div align=\"center\"><font style=\"font-size: xx-small\"><a title=\"\" href=\"URL=mailto%3ajuhlapalvelu.saihke%40gmail.com\">juhlapalvelu.saihke (at) gmail.com</a><br />\r\n</font></div>\r\n<div align=\"center\"><font style=\"font-size: xx-small\">\r\n045-8914101</font></div>');
REPLACE INTO `rvs_template_item` (`template_item_id`, `products_id`, `template_id`, `template_item_folder`, `template_type_s_preview`, `color_id`, `picture_id`) VALUES ('467054bd7631e93fb0f9451f1198d29d', '6-770-1', '467054bd7631e93fb0f9451f1198d29d', 'pro_6-770-1_gold_cake_1', 'jpg', '40', '23c8dcde23d4b8d69c2986c6989c969f');
REPLACE INTO `rvs_template_item_navigator_color` (`template_item_id`, `custom_color_group_id`) VALUES ('467054bd7631e93fb0f9451f1198d29d', '6');
REPLACE INTO `rvs_template` (`template_id`, `default_template_item_id`, `default_template_item_id2`, `font_id`, `menustyle_id`, `navigator_id`, `default_layout_id`, `sort_priority`, `cdate`) VALUES ('467054bd7631e93fb0f9451f1198d29d', '467054bd7631e93fb0f9451f1198d29d', '', '12', '1', '122', 'b5e35372e5c8a791b968b9f4ba97c9c4', '200', '1254441600');
REPLACE INTO `rvs_menustyle` (`menustyle_id`, `menustyle_description`) VALUES ('1', 'vertical');
REPLACE INTO `rvs_template_categories_xref` (`template_id`, `rvs_category_id`) VALUES ('467054bd7631e93fb0f9451f1198d29d', '6');
REPLACE INTO `rvs_template_type_xref` (`template_id`, `template_type_id`) VALUES ('467054bd7631e93fb0f9451f1198d29d', '3');
REPLACE INTO `rvs_template_type` (`template_type_id`, `template_type_name`) VALUES ('3', 'Vector');
REPLACE INTO `rvs_usr` (`rvs_usr_id`, `user_name`) VALUES ('779ffe2f26bc85fd7537b0a2ed40a8d6', 'int42805');
